{"id":1306,"date":"2016-08-19T12:51:02","date_gmt":"2016-08-19T11:51:02","guid":{"rendered":"http:\/\/sjfu.fr\/?page_id=1306"},"modified":"2023-12-04T19:39:07","modified_gmt":"2023-12-04T18:39:07","slug":"noisiel-2016","status":"publish","type":"page","link":"https:\/\/sjfu.fr\/index.php\/notre-syndicat\/congres\/noisiel-2016\/","title":{"rendered":"Noisiel 2016"},"content":{"rendered":"\n<h2 class=\"wp-block-heading\"><strong><br>CONGRES ANNUEL<\/strong><\/h2>\n\n\n\n<h2 class=\"wp-block-heading\"><strong>DU SYNDICAT DES JURIDICTIONS FINANCIERES UNIFIE<\/strong><\/h2>\n\n\n\n<p class=\"has-text-align-center\">17 &amp; 18 novembre 2016<\/p>\n\n\n\n<h3 class=\"wp-block-heading\"><strong><span style=\"color: #0000ff;\">Ordre du jour<\/span><\/strong><\/h3>\n\n\n\n<p class=\"has-text-align-center\"><strong>Jeudi 17 novembre 2016<\/strong><\/p>\n\n\n\n<p class=\"has-text-align-center\">Matin (9h30 \u2013 12h30)<\/p>\n\n\n\n<p class=\"has-text-align-center\">CONGRES ORDINAIRE<\/p>\n\n\n\n<p class=\"has-text-align-center\">Mot de bienvenue de Gilles Bizeul, vice-pr\u00e9sident de la CRC Ile-de-France<\/p>\n\n\n\n<ol class=\"wp-block-list\">\n<li>Rapport financier 2015\n<\/li>\n<\/ol>\n\n\n<div class=\"wp-block-image\">\n<figure class=\"alignright\"><a href=\"https:\/\/sjfu.fr\/wp-content\/uploads\/2016\/08\/Accueil.jpg\"><img loading=\"lazy\" decoding=\"async\" width=\"377\" height=\"605\" src=\"https:\/\/sjfu.fr\/wp-content\/uploads\/2016\/08\/Accueil.jpg\" alt=\"Accueil par Isabelle Banderet, d\u00e9l\u00e9gu\u00e9e de section de la CRC Ile-de-France\" class=\"wp-image-1809\" srcset=\"https:\/\/sjfu.fr\/wp-content\/uploads\/2016\/08\/Accueil.jpg 377w, https:\/\/sjfu.fr\/wp-content\/uploads\/2016\/08\/Accueil-187x300.jpg 187w, https:\/\/sjfu.fr\/wp-content\/uploads\/2016\/08\/Accueil-300x481.jpg 300w\" sizes=\"auto, (max-width: 377px) 100vw, 377px\" \/><\/a><figcaption class=\"wp-element-caption\">Accueil par Isabelle Banderet, d\u00e9l\u00e9gu\u00e9e de section de la CRC Ile-de-France<\/figcaption><\/figure>\n<\/div>\n\n\n<li>Rapport du r\u00e9viseur aux comptes<\/li>\n\n\n\n<li>Fixation du montant des cotisations 2017<\/li>\n\n\n\n<li>Rapport des \u00e9lus au conseil sup\u00e9rieur<\/li>\n\n\n\n<li>Rapport moral du pr\u00e9sident&nbsp;(ISSUU)<\/li>\n\n\n\n<li>Election compl\u00e9mentaire de membres du bureau<\/li>\n\n\n\n<li>Pr\u00e9sentation du&nbsp;projet de protocole d&rsquo;accord sur la r\u00e9novation du r\u00e9gime indemnitaire<\/li>\n\n\n\n<p class=\"has-text-align-center\">CONGRES EXTRAORDINAIRE<\/p>\n\n\n\n<ol class=\"wp-block-list\">\n<li>Modification des statuts du syndicat<\/li>\n\n\n\n<li>Modification du r\u00e8glement int\u00e9rieur du syndicat<\/li>\n<\/ol>\n\n\n\n<p class=\"has-text-align-center\">D\u00e9jeuner (12h30-14h00)<\/p>\n\n\n\n<p class=\"has-text-align-center\">Apr\u00e8s-midi (14h00 \u2013 16h30)<\/p>\n\n\n\n<p class=\"has-text-align-center\">CONGRES ORDINAIRE<\/p>\n\n\n\n<p class=\"has-text-align-left\">8. Restitution de la consultation<\/p>\n\n\n\n<p class=\"has-text-align-left\">9. Travaux en atelier&nbsp;(un animateur et un rapporteur par atelier):<\/p>\n\n\n\n<p>Atelier 1: \u00ab L\u2019ind\u00e9pendance du magistrat financier \u00bb<\/p>\n\n\n\n<p>Atelier 2: \u00ab Parcours professionnels, nouveaux profils, nouvelles perspectives \u00bb<\/p>\n\n\n\n<p>Atelier 3: \u00ab Les composantes de la r\u00e9mun\u00e9ration et leurs \u00e9volutions \u00bb<\/p>\n\n\n\n<p>Atelier 4 : \u00ab L&rsquo;organisation du travail au sein des juridictions financi\u00e8res \u00bb<\/p>\n\n\n\n<p class=\"has-text-align-center\">&nbsp;D\u00e9but de soir\u00e9e (17h15-19h00)<\/p>\n\n\n\n<p class=\"has-text-align-center\">Visite culturelle<\/p>\n\n\n\n<p class=\"has-text-align-center\">Soir\u00e9e (20h00 \u2013 22h30)<\/p>\n\n\n\n<p class=\"has-text-align-center\">D\u00eener de gala<\/p>\n\n\n\n<p class=\"has-text-align-center\"><strong>Vendredi 18 novembre 2016<\/strong><\/p>\n\n\n\n<p class=\"has-text-align-center\">Matin (9h30 \u2013 11h00)<\/p>\n\n\n\n<p class=\"has-text-align-left\">10. Restitution des travaux en atelier<\/p>\n\n\n<div class=\"wp-block-image\">\n<figure class=\"aligncenter\"><a href=\"https:\/\/sjfu.fr\/wp-content\/uploads\/2016\/08\/Restitution-des-travaux-par-GS-3.jpg\"><img loading=\"lazy\" decoding=\"async\" width=\"3701\" height=\"1201\" src=\"https:\/\/sjfu.fr\/wp-content\/uploads\/2016\/08\/Restitution-des-travaux-par-GS-3.jpg\" alt=\"Nicolas Sachot pr\u00e9sente la restitution des travaux en ateliers\" class=\"wp-image-1806\" srcset=\"https:\/\/sjfu.fr\/wp-content\/uploads\/2016\/08\/Restitution-des-travaux-par-GS-3.jpg 3701w, https:\/\/sjfu.fr\/wp-content\/uploads\/2016\/08\/Restitution-des-travaux-par-GS-3-300x97.jpg 300w, https:\/\/sjfu.fr\/wp-content\/uploads\/2016\/08\/Restitution-des-travaux-par-GS-3-768x249.jpg 768w, https:\/\/sjfu.fr\/wp-content\/uploads\/2016\/08\/Restitution-des-travaux-par-GS-3-1024x332.jpg 1024w, https:\/\/sjfu.fr\/wp-content\/uploads\/2016\/08\/Restitution-des-travaux-par-GS-3-600x195.jpg 600w\" sizes=\"auto, (max-width: 3701px) 100vw, 3701px\" \/><\/a><figcaption class=\"wp-element-caption\">Nicolas Sachot pr\u00e9sente la restitution des travaux en ateliers<\/figcaption><\/figure>\n<\/div>\n\n\n<p class=\"has-text-align-left\">11.&nbsp;Signature d\u2019une convention de partenariat avec l\u2019Union des magistrats de la Cour des comptes de Tunisie<\/p>\n\n\n<div class=\"wp-block-image\">\n<figure class=\"alignleft\"><a href=\"https:\/\/sjfu.fr\/wp-content\/uploads\/2016\/08\/Signature-de-la-convetion-de-partenariat-1.jpg\"><img loading=\"lazy\" decoding=\"async\" width=\"1185\" height=\"1601\" src=\"https:\/\/sjfu.fr\/wp-content\/uploads\/2016\/08\/Signature-de-la-convetion-de-partenariat-1.jpg\" alt=\"Fatma Kort et Vincent Sivr\u00e9 scellent un partenariat entre le l'UMCC et le SJFu\" class=\"wp-image-1807\" srcset=\"https:\/\/sjfu.fr\/wp-content\/uploads\/2016\/08\/Signature-de-la-convetion-de-partenariat-1.jpg 1185w, https:\/\/sjfu.fr\/wp-content\/uploads\/2016\/08\/Signature-de-la-convetion-de-partenariat-1-222x300.jpg 222w, https:\/\/sjfu.fr\/wp-content\/uploads\/2016\/08\/Signature-de-la-convetion-de-partenariat-1-768x1038.jpg 768w, https:\/\/sjfu.fr\/wp-content\/uploads\/2016\/08\/Signature-de-la-convetion-de-partenariat-1-758x1024.jpg 758w, https:\/\/sjfu.fr\/wp-content\/uploads\/2016\/08\/Signature-de-la-convetion-de-partenariat-1-600x811.jpg 600w, https:\/\/sjfu.fr\/wp-content\/uploads\/2016\/08\/Signature-de-la-convetion-de-partenariat-1-300x405.jpg 300w\" sizes=\"auto, (max-width: 1185px) 100vw, 1185px\" \/><\/a><figcaption class=\"wp-element-caption\">Fatma Kort et Vincent Sivr\u00e9 scellent un partenariat entre le l&rsquo;UMCC et le SJFu<\/figcaption><\/figure>\n<\/div>\n\n\n<p class=\"has-text-align-center\">Fin de matin\u00e9e (11h00-12h30)<\/p>\n\n\n\n<p class=\"has-text-align-left\">12.\u00a0 Discours d\u2019accueil du pr\u00e9sident du SJFu<\/p>\n\n\n\n<p class=\"has-text-align-left\">13. Intervention du Premier pr\u00e9sident<\/p>\n\n\n\n<p class=\"has-text-align-left\">14. Questions\/r\u00e9ponses entre le Premier pr\u00e9sident et &nbsp;les congressistes.<\/p>\n\n\n\n<p class=\"has-text-align-center\">D\u00e9jeuner (12h30-14h00)<\/p>\n\n\n\n<p class=\"has-text-align-center\">Apr\u00e8s-midi<\/p>\n\n\n\n<p class=\"has-text-align-left\">15. Avis conforme sur le projet de protocole d&rsquo;accord sur la r\u00e9novation du r\u00e9gime indemnitaire<\/p>\n\n\n\n<p class=\"has-text-align-left\">16. D\u00e9bat d\u2019orientation strat\u00e9gique.<\/p>\n\n\n\n<div class=\"fb-post\" data-href=\"https:\/\/www.facebook.com\/permalink.php?story_fbid=1524177467888587&amp;id=100008890451815\" data-width=\"500\">\n<div class=\"fb-xfbml-parse-ignore\">\n<blockquote cite=\"https:\/\/www.facebook.com\/permalink.php?story_fbid=1524177467888587&amp;id=100008890451815\"><p>Le Congr\u00e8s annuel a offert l&rsquo;opportunit\u00e9 \u00e0 chaque adh\u00e9rent de se prononcer sur l&rsquo;orientation \u00e0 donner \u00e0 l&rsquo;action syndicale.<\/p><\/blockquote>\n<\/div>\n<\/div>\n\n\n\n<p><a href=\"https:\/\/sjfu.fr\/index.php\/2016\/11\/21\/lors-de-son-congres-extraordinaire-a-noisiel-le-sjfu-a-elargi-son-objet-social\/\">Article<\/a> publi\u00e9 sur le site internet du SJF.<\/p>\n\n\n<div class=\"wp-block-image\">\n<figure class=\"alignleft\"><a href=\"https:\/\/sjfu.fr\/wp-content\/uploads\/2016\/11\/Allocution-du-pr\u00e9sident-du-SJFu-3.jpg\"><img loading=\"lazy\" decoding=\"async\" width=\"1632\" height=\"650\" src=\"https:\/\/sjfu.fr\/wp-content\/uploads\/2016\/11\/Allocution-du-pr\u00e9sident-du-SJFu-3.jpg\" alt=\"VIncent Sivr\u00e9 accueille Didier Migaud au congr\u00e8s du SJFu\" class=\"wp-image-1825\" srcset=\"https:\/\/sjfu.fr\/wp-content\/uploads\/2016\/11\/Allocution-du-pr\u00e9sident-du-SJFu-3.jpg 1632w, https:\/\/sjfu.fr\/wp-content\/uploads\/2016\/11\/Allocution-du-pr\u00e9sident-du-SJFu-3-300x119.jpg 300w, https:\/\/sjfu.fr\/wp-content\/uploads\/2016\/11\/Allocution-du-pr\u00e9sident-du-SJFu-3-768x306.jpg 768w, https:\/\/sjfu.fr\/wp-content\/uploads\/2016\/11\/Allocution-du-pr\u00e9sident-du-SJFu-3-1024x408.jpg 1024w, https:\/\/sjfu.fr\/wp-content\/uploads\/2016\/11\/Allocution-du-pr\u00e9sident-du-SJFu-3-600x239.jpg 600w\" sizes=\"auto, (max-width: 1632px) 100vw, 1632px\" \/><\/a><figcaption class=\"wp-element-caption\">Vincent Sivr\u00e9 accueille Didier Migaud au congr\u00e8s du SJFu<\/figcaption><\/figure>\n<\/div>","protected":false},"excerpt":{"rendered":"<p class=\"qua-blog-post-description\">CONGRES ANNUEL DU SYNDICAT DES JURIDICTIONS FINANCIERES UNIFIE 17 &amp; 18 novembre 2016 Ordre du jour Jeudi 17 novembre 2016 Matin (9h30 \u2013 12h30) CONGRES ORDINAIRE Mot de bienvenue de Gilles Bizeul, vice-pr\u00e9sident de la CRC Ile-de-France Rapport du r\u00e9viseur aux comptes Fixation du montant des cotisations 2017 Rapport des \u00e9lus au conseil sup\u00e9rieur Rapport [&hellip;]<\/p>\n","protected":false},"author":1,"featured_media":0,"parent":137,"menu_order":15,"comment_status":"closed","ping_status":"closed","template":"","meta":{"footnotes":""},"class_list":["post-1306","page","type-page","status-publish","hentry"],"_links":{"self":[{"href":"https:\/\/sjfu.fr\/index.php\/wp-json\/wp\/v2\/pages\/1306","targetHints":{"allow":["GET"]}}],"collection":[{"href":"https:\/\/sjfu.fr\/index.php\/wp-json\/wp\/v2\/pages"}],"about":[{"href":"https:\/\/sjfu.fr\/index.php\/wp-json\/wp\/v2\/types\/page"}],"author":[{"embeddable":true,"href":"https:\/\/sjfu.fr\/index.php\/wp-json\/wp\/v2\/users\/1"}],"replies":[{"embeddable":true,"href":"https:\/\/sjfu.fr\/index.php\/wp-json\/wp\/v2\/comments?post=1306"}],"version-history":[{"count":84,"href":"https:\/\/sjfu.fr\/index.php\/wp-json\/wp\/v2\/pages\/1306\/revisions"}],"predecessor-version":[{"id":5408,"href":"https:\/\/sjfu.fr\/index.php\/wp-json\/wp\/v2\/pages\/1306\/revisions\/5408"}],"up":[{"embeddable":true,"href":"https:\/\/sjfu.fr\/index.php\/wp-json\/wp\/v2\/pages\/137"}],"wp:attachment":[{"href":"https:\/\/sjfu.fr\/index.php\/wp-json\/wp\/v2\/media?parent=1306"}],"curies":[{"name":"wp","href":"https:\/\/api.w.org\/{rel}","templated":true}]}}