{"id":4228,"date":"2018-06-20T19:55:55","date_gmt":"2018-06-20T18:55:55","guid":{"rendered":"http:\/\/sjfu.fr\/?page_id=4228"},"modified":"2023-12-04T19:38:30","modified_gmt":"2023-12-04T18:38:30","slug":"paris-2018","status":"publish","type":"page","link":"https:\/\/sjfu.fr\/index.php\/notre-syndicat\/congres\/paris-2018\/","title":{"rendered":"Paris 2018"},"content":{"rendered":"<h2 style=\"text-align: center;\">Congr\u00e8s 2018 du Syndicat des juridictions financi\u00e8res<\/h2>\n<p><strong>Le syndicat des juridictions financi\u00e8res tiendra son congr\u00e8s annuel les jeudi 15 et vendredi 16 novembre 2018 \u00e0 Paris<\/strong>. <strong>L&rsquo;\u00e9v\u00e9nement\u00a0aura lieu au FIAP Jean Monnet, 30 rue Cabanis, Paris 14\u00e8me (m\u00e9tro Denfert-Rochereau)<\/strong><\/p>\n<p><strong>Consulter le programme d\u00e9taill\u00e9 ci-dessous :<\/strong><\/p>\n<p><div data-url=\"https:\/\/issuu.com\/syndicatdesjuridictionsfinancieres\/docs\/programme_congr_s_sjfu\" style=\"width: 500px; height: 353px;\" class=\"issuuembed\"><\/div><script type=\"text\/javascript\" src=\"\/\/e.issuu.com\/embed.js\" async=\"true\"><\/script><\/p>\n<p style=\"text-align: center;\">Seule une proc\u00e9dure d\u2019inscription \u00e9lectronique est mise en oeuvre :<\/p>\n<p style=\"padding-left: 150px; text-align: center;\"><strong>S\u2019inscrire au congr\u00e8s du SJFu<\/strong><\/p>\n<p style=\"padding-left: 150px; text-align: center;\"><strong>Mandater un coll\u00e8gue inscrit\u00a0<\/strong><\/p>\n<p><strong>Un dossier complet est communiqu\u00e9 aux adh\u00e9rents.<\/strong><\/p>\n<p style=\"text-align: left;\">Le congr\u00e8s est ouvert \u00e0 tout adh\u00e9rent \u00e0 jour de cotisation. En cas d&rsquo;absence, mandat peut \u00eatre donn\u00e9 \u00e0 un coll\u00e8gue.<\/p>\n<p><strong>L&rsquo;administration accorde traditionnellement deux journ\u00e9es d&rsquo;autorisation exceptionnelle d&rsquo;absence pour la participation au congr\u00e8s<\/strong>. Votre d\u00e9l\u00e9gu\u00e9 de section les sollicitera en communiquant la liste des participants au pr\u00e9sident de votre CRC.<\/p>\n<p>Le d\u00e9jeuner du jeudi midi est libre, une caf\u00e9t\u00e9ria\u00a0\u00e9tant \u00e0 votre disposition au FIAP (menu \u00e0 15 \u20ac). Vous pouvez vous inscrire au d\u00eener de gala du jeudi soir (participation de 30 \u20ac) et au buffet d\u00e9jeunatoire du vendredi midi (participation de 10 \u20ac). <strong>L<\/strong><b>e syndicat prend en charge votre acheminement (tarif SNCF 2\u00e8me classe) et votre h\u00e9bergement dans la limite du forfait administratif (80 \u20ac \/ nuit\u00e9e).<\/b><\/p>\n<p>Le FIAP propose des h\u00e9bergements \u00e0 tarif comp\u00e9titifs, pour les congressistes.<\/p>\n<h2><strong>Bilan du Congr\u00e8s:<\/strong><\/h2>\n<ul>\n<li>Des <a href=\"https:\/\/sjfu.fr\/index.php\/2018\/12\/19\/congres-2018-revivez-les-tables-rondes-sur-la-confiance-dans-la-gestion-publique\/\">tables ronds sur la confiance dans la gestion publique<\/a> et la pertinence des <a href=\"https:\/\/sjfu.fr\/index.php\/2018\/09\/20\/les-cinq-propositions-du-sjfu-pour-le-citoyen-et-la-performance-de-laction-publique\/\">cinq propositions<\/a> formul\u00e9es par le SJF dans le cadre de son livre beige.<\/li>\n<li>Des <a href=\"https:\/\/sjfu.fr\/index.php\/2018\/11\/26\/congres-2018-silence-les-magistrats-reflechissent-bilan-des-ateliers-professionnels\/\">ateliers professionnels<\/a> sur les parcours et le d\u00e9roul\u00e9 de carri\u00e8re des magistrats, les relations entre la Cour et les CRC, et l\u2019exp\u00e9rimentation de la certification des comptes locaux.<\/li>\n<li>Des <a href=\"https:\/\/sjfu.fr\/index.php\/notre-syndicat\/les-statuts-du-sjfu\/\">statuts r\u00e9nov\u00e9s<\/a> pour le syndicat.<\/li>\n<\/ul>\n<p>Retrouvez le <a href=\"https:\/\/sjfu.fr\/index.php\/2018\/12\/18\/diaporama-le-congres-du-sjf-cest-aussi\/\">\u00ab\u00a0diaporama\u00a0\u00bb<\/a> du Congr\u00e8s.<\/p>\n\n\n<figure class=\"wp-block-image size-large\"><a href=\"https:\/\/sjfu.fr\/wp-content\/uploads\/2018\/12\/DSC_0042.jpg\"><img loading=\"lazy\" decoding=\"async\" width=\"1024\" height=\"681\" src=\"https:\/\/sjfu.fr\/wp-content\/uploads\/2018\/12\/DSC_0042-1024x681.jpg\" alt=\"\" class=\"wp-image-4541\" srcset=\"https:\/\/sjfu.fr\/wp-content\/uploads\/2018\/12\/DSC_0042-1024x681.jpg 1024w, https:\/\/sjfu.fr\/wp-content\/uploads\/2018\/12\/DSC_0042-300x199.jpg 300w, https:\/\/sjfu.fr\/wp-content\/uploads\/2018\/12\/DSC_0042-768x511.jpg 768w, https:\/\/sjfu.fr\/wp-content\/uploads\/2018\/12\/DSC_0042-600x399.jpg 600w, https:\/\/sjfu.fr\/wp-content\/uploads\/2018\/12\/DSC_0042-1320x878.jpg 1320w\" sizes=\"auto, (max-width: 1024px) 100vw, 1024px\" \/><\/a><figcaption class=\"wp-element-caption\">Congr\u00e8s de Paris du SJF (2018)<\/figcaption><\/figure>\n","protected":false},"excerpt":{"rendered":"<p class=\"qua-blog-post-description\">Congr\u00e8s 2018 du Syndicat des juridictions financi\u00e8res Le syndicat des juridictions financi\u00e8res tiendra son congr\u00e8s annuel les jeudi 15 et vendredi 16 novembre 2018 \u00e0 Paris. L&rsquo;\u00e9v\u00e9nement\u00a0aura lieu au FIAP Jean Monnet, 30 rue Cabanis, Paris 14\u00e8me (m\u00e9tro Denfert-Rochereau) Consulter le programme d\u00e9taill\u00e9 ci-dessous : Seule une proc\u00e9dure d\u2019inscription \u00e9lectronique est mise en oeuvre : [&hellip;]<\/p>\n","protected":false},"author":1,"featured_media":0,"parent":137,"menu_order":13,"comment_status":"closed","ping_status":"closed","template":"","meta":{"footnotes":""},"class_list":["post-4228","page","type-page","status-publish","hentry"],"_links":{"self":[{"href":"https:\/\/sjfu.fr\/index.php\/wp-json\/wp\/v2\/pages\/4228","targetHints":{"allow":["GET"]}}],"collection":[{"href":"https:\/\/sjfu.fr\/index.php\/wp-json\/wp\/v2\/pages"}],"about":[{"href":"https:\/\/sjfu.fr\/index.php\/wp-json\/wp\/v2\/types\/page"}],"author":[{"embeddable":true,"href":"https:\/\/sjfu.fr\/index.php\/wp-json\/wp\/v2\/users\/1"}],"replies":[{"embeddable":true,"href":"https:\/\/sjfu.fr\/index.php\/wp-json\/wp\/v2\/comments?post=4228"}],"version-history":[{"count":19,"href":"https:\/\/sjfu.fr\/index.php\/wp-json\/wp\/v2\/pages\/4228\/revisions"}],"predecessor-version":[{"id":5414,"href":"https:\/\/sjfu.fr\/index.php\/wp-json\/wp\/v2\/pages\/4228\/revisions\/5414"}],"up":[{"embeddable":true,"href":"https:\/\/sjfu.fr\/index.php\/wp-json\/wp\/v2\/pages\/137"}],"wp:attachment":[{"href":"https:\/\/sjfu.fr\/index.php\/wp-json\/wp\/v2\/media?parent=4228"}],"curies":[{"name":"wp","href":"https:\/\/api.w.org\/{rel}","templated":true}]}}