{"id":5035,"date":"2022-02-07T10:04:29","date_gmt":"2022-02-07T09:04:29","guid":{"rendered":"http:\/\/sjfu.fr\/?page_id=5035"},"modified":"2022-12-11T20:26:24","modified_gmt":"2022-12-11T19:26:24","slug":"levaluation-des-politiques-publiques-locales-loi-3ds-de-2022","status":"publish","type":"page","link":"https:\/\/sjfu.fr\/index.php\/les-chambres-regionales-des-comptes\/notre_metier\/levaluation-des-politiques-publiques-locales-loi-3ds-de-2022\/","title":{"rendered":"L&rsquo;\u00e9valuation des politiques publiques locales (loi \u00ab\u00a03DS\u00a0\u00bb de 2022)"},"content":{"rendered":"\n<p><span class=\"field field--name-field-title field--type-string-long field--label-hidden field__item\">La loi relative \u00e0 la diff\u00e9renciation, la d\u00e9centralisation, la d\u00e9concentration et portant diverses mesures de simplification de l&rsquo;action publique locale (dite \u00ab\u00a03DS\u00a0\u00bb) a \u00e9t\u00e9 <a href=\"https:\/\/www.legifrance.gouv.fr\/jorf\/id\/JORFTEXT000045197395\">promulgu\u00e9e en f\u00e9vrier 2022<\/a>. Elle comporte des dispositions qui <\/span>visent la \u00ab\u00a0modernisation des missions des chambres r\u00e9gionales des comptes et le renforcement de l\u2019\u00e9valuation des politiques publiques\u00a0\u00bb (cf. nouveaux <a href=\"https:\/\/www.legifrance.gouv.fr\/codes\/article_lc\/LEGIARTI000045206428\">articles L.211-15<\/a>, <a href=\"https:\/\/www.legifrance.gouv.fr\/codes\/section_lc\/LEGITEXT000006070249\/LEGISCTA000045206468\/#LEGISCTA000045206468\">L.235-1 et L.235-2<\/a>, et <a href=\"https:\/\/www.legifrance.gouv.fr\/codes\/article_lc\/LEGIARTI000045214361\/2022-06-14\">L.245-1 <\/a>du code des juridictions financi\u00e8res)\u00a0:<\/p>\n\n\n\n<ul class=\"wp-block-list\">\n<li>Elle cr\u00e9e une nouvelle comp\u00e9tence des CRC sur l\u2019\u00e9valuation des politiques publiques locales, \u00e0 la demande d\u2019un pr\u00e9sident de conseil r\u00e9gional, de conseil d\u00e9partemental ou de conseil de m\u00e9tropole, de leur propre initiative ou sur demande de leur organe d\u00e9lib\u00e9rant. Le rapport d\u2019\u00e9valuation doit \u00eatre produit dans un d\u00e9lai maximal d\u2019un an.<\/li>\n\n\n\n<li>Elle cr\u00e9e \u00e9galement une facult\u00e9 de saisine par ces m\u00eames autorit\u00e9s, ainsi que par le pr\u00e9sident d\u2019une communaut\u00e9 urbaine, de leur propre initiative ou sur demande de leur organe d\u00e9lib\u00e9rant, afin que la chambre donne un avis sur les cons\u00e9quences de tout projet d\u2019investissement exceptionnel dont la ma\u00eetrise d\u2019ouvrage est directement assur\u00e9e par la collectivit\u00e9 territoriale ou l\u2019EPCI (un montant minimal a \u00e9t\u00e9 fix\u00e9 dans le d\u00e9cret ci-dessous).<\/li>\n<\/ul>\n\n\n\n<p>Ces dispositions ont \u00e9t\u00e9 pr\u00e9cis\u00e9es dans le <a href=\"https:\/\/www.legifrance.gouv.fr\/jorf\/id\/JORFTEXT000046720396\">d\u00e9cret <\/a>n\u00b0 2022-1549 du 8 d\u00e9cembre 2022 relatif \u00e0 l&rsquo;\u00e9valuation des politiques publiques territoriales par les chambres r\u00e9gionales des comptes (cf. nouveaux articles R.245-1-1 et suivants du CJF).<\/p>\n\n\n\n<p>Le SJF sera attentif \u00e0 ce que ces dispositions n&rsquo;entrainent pas une instrumentation des CRTC et que leur ind\u00e9pendance soit pr\u00e9serv\u00e9e.<\/p>\n","protected":false},"excerpt":{"rendered":"<p class=\"qua-blog-post-description\">La loi relative \u00e0 la diff\u00e9renciation, la d\u00e9centralisation, la d\u00e9concentration et portant diverses mesures de simplification de l&rsquo;action publique locale (dite \u00ab\u00a03DS\u00a0\u00bb) a \u00e9t\u00e9 promulgu\u00e9e en f\u00e9vrier 2022. Elle comporte des dispositions qui visent la \u00ab\u00a0modernisation des missions des chambres r\u00e9gionales des comptes et le renforcement de l\u2019\u00e9valuation des politiques publiques\u00a0\u00bb (cf. nouveaux articles L.211-15, [&hellip;]<\/p>\n","protected":false},"author":1,"featured_media":0,"parent":2,"menu_order":8,"comment_status":"closed","ping_status":"closed","template":"","meta":{"footnotes":""},"class_list":["post-5035","page","type-page","status-publish","hentry"],"_links":{"self":[{"href":"https:\/\/sjfu.fr\/index.php\/wp-json\/wp\/v2\/pages\/5035","targetHints":{"allow":["GET"]}}],"collection":[{"href":"https:\/\/sjfu.fr\/index.php\/wp-json\/wp\/v2\/pages"}],"about":[{"href":"https:\/\/sjfu.fr\/index.php\/wp-json\/wp\/v2\/types\/page"}],"author":[{"embeddable":true,"href":"https:\/\/sjfu.fr\/index.php\/wp-json\/wp\/v2\/users\/1"}],"replies":[{"embeddable":true,"href":"https:\/\/sjfu.fr\/index.php\/wp-json\/wp\/v2\/comments?post=5035"}],"version-history":[{"count":6,"href":"https:\/\/sjfu.fr\/index.php\/wp-json\/wp\/v2\/pages\/5035\/revisions"}],"predecessor-version":[{"id":5387,"href":"https:\/\/sjfu.fr\/index.php\/wp-json\/wp\/v2\/pages\/5035\/revisions\/5387"}],"up":[{"embeddable":true,"href":"https:\/\/sjfu.fr\/index.php\/wp-json\/wp\/v2\/pages\/2"}],"wp:attachment":[{"href":"https:\/\/sjfu.fr\/index.php\/wp-json\/wp\/v2\/media?parent=5035"}],"curies":[{"name":"wp","href":"https:\/\/api.w.org\/{rel}","templated":true}]}}