{"id":5677,"date":"2024-08-19T16:18:17","date_gmt":"2024-08-19T15:18:17","guid":{"rendered":"https:\/\/sjfu.fr\/?page_id=5677"},"modified":"2025-07-03T17:21:19","modified_gmt":"2025-07-03T16:21:19","slug":"congres-2024-du-syndicat-des-juridictions-financieres-novembre-2024-paris","status":"publish","type":"page","link":"https:\/\/sjfu.fr\/index.php\/notre-syndicat\/congres\/congres-2024-du-syndicat-des-juridictions-financieres-novembre-2024-paris\/","title":{"rendered":"Congr\u00e8s Paris 2024"},"content":{"rendered":"\n<h2 class=\"wp-block-heading\"><strong>Le syndicat des juridictions financi\u00e8res a tenu son 27<sup>\u00e8me<\/sup> congr\u00e8s les 27 et 28 novembre 2024 \u00e0 Paris<\/strong>.<\/h2>\n\n\n\n<p>Il a eu lieu dans le quartier de l\u2019\u00c9cole Militaire, au sein des locaux de l\u2019ASIEM (6 rue Albert de Lapparent \u2013 75007 Paris).<\/p>\n\n\n\n<figure class=\"wp-block-image size-large\"><a href=\"https:\/\/sjfu.fr\/wp-content\/uploads\/2024\/11\/IMG_20241128_191405-6-scaled.jpg\"><img loading=\"lazy\" decoding=\"async\" width=\"1024\" height=\"321\" src=\"https:\/\/sjfu.fr\/wp-content\/uploads\/2024\/11\/IMG_20241128_191405-6-1024x321.jpg\" alt=\"\" class=\"wp-image-5818\" srcset=\"https:\/\/sjfu.fr\/wp-content\/uploads\/2024\/11\/IMG_20241128_191405-6-1024x321.jpg 1024w, https:\/\/sjfu.fr\/wp-content\/uploads\/2024\/11\/IMG_20241128_191405-6-300x94.jpg 300w, https:\/\/sjfu.fr\/wp-content\/uploads\/2024\/11\/IMG_20241128_191405-6-768x241.jpg 768w, https:\/\/sjfu.fr\/wp-content\/uploads\/2024\/11\/IMG_20241128_191405-6-1536x481.jpg 1536w, https:\/\/sjfu.fr\/wp-content\/uploads\/2024\/11\/IMG_20241128_191405-6-2048x642.jpg 2048w\" sizes=\"auto, (max-width: 1024px) 100vw, 1024px\" \/><\/a><\/figure>\n\n\n\n<p>Ce congr\u00e8s a \u00e9t\u00e9 l&rsquo;occasion de proc\u00e9der \u00e0 l&rsquo;\u00e9lection au poste de pr\u00e9sident et au renouvellement partiel du bureau. Audrey CAVAILLIER a \u00e9t\u00e9 reconduite en tant que <strong>Pr\u00e9sidente du SJF<\/strong> et quatre nouveaux membres int\u00e8grent le <strong>bureau<\/strong>&nbsp;: Sabra Bennasr-Masson, Yann Guerrier, J\u00e9r\u00e9my H\u00e9bert et Vincent Toiser.<\/p>\n\n\n\n<p>F\u00e9licitations \u00e0 tous et nos sinc\u00e8res remerciements aux coll\u00e8gues sortants pour leur implication sans faille !<\/p>\n\n\n\n<p class=\"has-text-align-right\">La Pr\u00e9sidente remercie chaleureusement les adh\u00e9rents et les intervenants pour leur <strong>participation active et nombreuse<\/strong> \u00e0 ce 27<sup>\u00e8me<\/sup> congr\u00e8s.<\/p>\n\n\n\n<p><\/p>\n\n\n\n<h2 class=\"wp-block-heading\"><strong>AU PROGRAMME :<\/strong><\/h2>\n\n\n\n<p>Voici les principales interventions qui ont ponctu\u00e9 notre congr\u00e8s :<\/p>\n\n\n\n<blockquote class=\"wp-block-quote is-layout-flow wp-block-quote-is-layout-flow\">\n<p>La <strong>Procureure g\u00e9n\u00e9rale<\/strong> pr\u00e8s la Cour, V\u00e9ronique Hamayon a rappel\u00e9 :<strong> <\/strong><\/p>\n\n\n\n<p><\/p>\n\n\n\n<h2 class=\"wp-block-heading has-text-align-right\"><strong>L\u2019ind\u00e9pendance, la coll\u00e9gialit\u00e9 et la contradiction<\/strong> <strong>constituent des principes cardinaux qui irriguent nos textes et nos missions<\/strong> <strong>et participent \u00e0 l\u2019\u00c9tat de droit.<\/strong><\/h2>\n<\/blockquote>\n\n\n\n<figure class=\"wp-block-image size-large is-resized\"><a href=\"https:\/\/sjfu.fr\/wp-content\/uploads\/2024\/11\/IMG-20241129-WA0016-2-scaled.jpg\"><img loading=\"lazy\" decoding=\"async\" width=\"1024\" height=\"448\" src=\"https:\/\/sjfu.fr\/wp-content\/uploads\/2024\/11\/IMG-20241129-WA0016-2-1024x448.jpg\" alt=\"\" class=\"wp-image-5788\" style=\"width:579px;height:auto\" srcset=\"https:\/\/sjfu.fr\/wp-content\/uploads\/2024\/11\/IMG-20241129-WA0016-2-1024x448.jpg 1024w, https:\/\/sjfu.fr\/wp-content\/uploads\/2024\/11\/IMG-20241129-WA0016-2-300x131.jpg 300w, https:\/\/sjfu.fr\/wp-content\/uploads\/2024\/11\/IMG-20241129-WA0016-2-768x336.jpg 768w, https:\/\/sjfu.fr\/wp-content\/uploads\/2024\/11\/IMG-20241129-WA0016-2-1536x672.jpg 1536w, https:\/\/sjfu.fr\/wp-content\/uploads\/2024\/11\/IMG-20241129-WA0016-2-2048x896.jpg 2048w\" sizes=\"auto, (max-width: 1024px) 100vw, 1024px\" \/><\/a><\/figure>\n\n\n\n<p><em>Le contr\u00f4le de l\u2019emploi r\u00e9gulier des deniers publics et la pr\u00e9vention des fraudes constituent des missions indispensables depuis 1982 dans le cadre de la gestion autonome des collectivit\u00e9s territoriales. La r\u00e9forme de la responsabilit\u00e9 financi\u00e8re des gestionnaires publics (RFGP), transformant le magistrat de Chambre r\u00e9gionale ou territoriale des comptes (CRTC) en instructeur des infractions pr\u00e9sum\u00e9es et centralisant leur jugement \u00e0 la Chambre du contentieux a renforc\u00e9 l\u2019intervention des juridictions financi\u00e8res (JF) en la mati\u00e8re.<\/em><\/p>\n\n\n\n<p><\/p>\n\n\n\n<p><\/p>\n\n\n\n<h2 class=\"wp-block-heading has-text-align-left\"><mark style=\"background-color:rgba(0, 0, 0, 0)\" class=\"has-inline-color has-vivid-cyan-blue-color\">Et lors de la table ronde sur la place des CRTC dans le d\u00e9bat d\u00e9mocratique :<\/mark><\/h2>\n\n\n\n<figure class=\"wp-block-image size-large\"><a href=\"https:\/\/sjfu.fr\/wp-content\/uploads\/2024\/11\/IMG_20241128_191041-scaled.jpg\"><img loading=\"lazy\" decoding=\"async\" width=\"1024\" height=\"493\" src=\"https:\/\/sjfu.fr\/wp-content\/uploads\/2024\/11\/IMG_20241128_191041-1024x493.jpg\" alt=\"\" class=\"wp-image-5791\" srcset=\"https:\/\/sjfu.fr\/wp-content\/uploads\/2024\/11\/IMG_20241128_191041-1024x493.jpg 1024w, https:\/\/sjfu.fr\/wp-content\/uploads\/2024\/11\/IMG_20241128_191041-300x144.jpg 300w, https:\/\/sjfu.fr\/wp-content\/uploads\/2024\/11\/IMG_20241128_191041-768x369.jpg 768w, https:\/\/sjfu.fr\/wp-content\/uploads\/2024\/11\/IMG_20241128_191041-1536x739.jpg 1536w, https:\/\/sjfu.fr\/wp-content\/uploads\/2024\/11\/IMG_20241128_191041-2048x985.jpg 2048w\" sizes=\"auto, (max-width: 1024px) 100vw, 1024px\" \/><\/a><\/figure>\n\n\n\n<div class=\"wp-block-columns is-layout-flex wp-container-core-columns-is-layout-9d6595d7 wp-block-columns-is-layout-flex\">\n<div class=\"wp-block-column is-layout-flow wp-block-column-is-layout-flow\" style=\"flex-basis:100%\">\n<p class=\"has-text-align-left\"><mark style=\"background-color:rgba(0, 0, 0, 0)\" class=\"has-inline-color has-vivid-cyan-blue-color\"><em>Guy Benarroche, S\u00e9nateur des Bouches-du-Rh\u00f4ne,\u00a0a notamment soulign\u00e9 que le \u00ab\u00a0100 % communication\u00a0\u00bb  transforme aujourd\u2019hui en enjeux politiques certains \u00e9l\u00e9ments publi\u00e9s par les JF et repris par les \u00e9lus et leur opposition. Cela constitue parfois un risque mais c\u2019est la marque du s\u00e9rieux et de la qualit\u00e9 des travaux des CRTC, dont les rapports sont attendus par les acteurs publics et permettent de pr\u00e9server la confiance des citoyens \u00e0 leur encontre. <strong>Les JF participent \u00e0 l&rsquo;aide \u00e0 la d\u00e9cision des \u00e9lus et des citoyens<\/strong>.<\/em><\/mark><\/p>\n\n\n\n<p><mark style=\"background-color:rgba(0, 0, 0, 0)\" class=\"has-inline-color has-vivid-cyan-blue-color\">Merci \u00e0 aux intervenants de cette table ronde pour leur int\u00e9ressante contribution : outre M. Benarroche,   Audrey Cavaillier (Pr\u00e9sidente du SJF), Fran\u00e7ois Lansiart (Repr\u00e9sentant du SNDGCT : syndicat national des directeurs g\u00e9n\u00e9raux des collectivit\u00e9s territoriales), Jean-Louis Rocheron (Repr\u00e9sentant de l\u2019AATF : association des administrateurs territoriaux de France), St\u00e9phanie Damarey (Professeure agr\u00e9g\u00e9e des universit\u00e9s) et Thierry Vught (Pr\u00e9sident de la CRC Ile-de-France) !<sup> <\/sup><\/mark><\/p>\n\n\n\n<p class=\"has-text-align-right\"><\/p>\n\n\n\n<p><\/p>\n\n\n\n<p><\/p>\n\n\n\n<p><\/p>\n\n\n\n<p><\/p>\n\n\n\n<p class=\"has-text-align-left\">Pierre Moscovici, <strong>Premier pr\u00e9sident<\/strong> de la Cour des comptes a quant \u00e0 lui insist\u00e9 :<\/p>\n\n\n\n<blockquote class=\"wp-block-quote is-layout-flow wp-block-quote-is-layout-flow\">\n<h2 class=\"wp-block-heading has-text-align-right\"><mark style=\"background-color:rgba(0, 0, 0, 0)\" class=\"has-inline-color has-vivid-red-color\">Les juridictions financi\u00e8res constituent un pilier de la d\u00e9mocratie.<\/mark><\/h2>\n\n\n\n<p><em>La p\u00e9riode est emport\u00e9e par la d\u00e9sinformation et la d\u00e9gradation du d\u00e9bat d\u00e9mocratique. La vie d\u00e9mocratique a un besoin vital d\u2019\u00e9l\u00e9ments objectifs, clairs et contredits, \u00e0 partir de diagnostics fiables et partag\u00e9s.<\/em><\/p>\n<\/blockquote>\n<\/div>\n<\/div>\n\n\n\n<figure class=\"wp-block-image size-large is-resized\"><a href=\"https:\/\/sjfu.fr\/wp-content\/uploads\/2024\/11\/IMG_20241128_120313-2.jpg\"><img loading=\"lazy\" decoding=\"async\" width=\"825\" height=\"1024\" src=\"https:\/\/sjfu.fr\/wp-content\/uploads\/2024\/11\/IMG_20241128_120313-2-825x1024.jpg\" alt=\"\" class=\"wp-image-5802\" style=\"width:331px;height:auto\" srcset=\"https:\/\/sjfu.fr\/wp-content\/uploads\/2024\/11\/IMG_20241128_120313-2-825x1024.jpg 825w, https:\/\/sjfu.fr\/wp-content\/uploads\/2024\/11\/IMG_20241128_120313-2-242x300.jpg 242w, https:\/\/sjfu.fr\/wp-content\/uploads\/2024\/11\/IMG_20241128_120313-2-768x953.jpg 768w, https:\/\/sjfu.fr\/wp-content\/uploads\/2024\/11\/IMG_20241128_120313-2-1238x1536.jpg 1238w, https:\/\/sjfu.fr\/wp-content\/uploads\/2024\/11\/IMG_20241128_120313-2-1650x2048.jpg 1650w, https:\/\/sjfu.fr\/wp-content\/uploads\/2024\/11\/IMG_20241128_120313-2.jpg 1901w\" sizes=\"auto, (max-width: 825px) 100vw, 825px\" \/><\/a><\/figure>\n\n\n\n<p><\/p>\n\n\n\n<p><\/p>\n\n\n\n<h2 class=\"wp-block-heading has-text-align-right\"><mark style=\"background-color:rgba(0, 0, 0, 0)\" class=\"has-inline-color has-vivid-purple-color\"><strong>Enfin, s&rsquo;agissant de l&rsquo;\u00e9largissement de nos missions :<\/strong><\/mark><\/h2>\n\n\n\n<p class=\"has-text-align-right\"><mark style=\"background-color:rgba(0, 0, 0, 0)\" class=\"has-inline-color has-vivid-purple-color\">Bernard Lejeune (Pr\u00e9sident de la 6<sup>e<\/sup> Chambre de la Cour et ancien Pr\u00e9sident de la CRC Auvergne-Rh\u00f4ne-Alpes) et Olivier Barlogis (Premier conseiller \u00e0 la CRC ARA) ont pr\u00e9sent\u00e9 l&rsquo;int\u00e9ressante <strong>\u00e9valuation de politique publique <\/strong>men\u00e9e par la CRC ARA sur le mat\u00e9riel roulant ferroviaire. <\/mark><\/p>\n\n\n\n<p class=\"has-text-align-right\"><mark style=\"background-color:rgba(0, 0, 0, 0)\" class=\"has-inline-color has-vivid-purple-color\">Merci pour ce retour d&rsquo;exp\u00e9rience riche d&rsquo;enseignements !<\/mark><\/p>\n\n\n\n<figure class=\"wp-block-image size-large is-resized\"><a href=\"https:\/\/sjfu.fr\/wp-content\/uploads\/2024\/11\/IMG_20241129_235519-scaled.jpg\"><img loading=\"lazy\" decoding=\"async\" width=\"1024\" height=\"670\" src=\"https:\/\/sjfu.fr\/wp-content\/uploads\/2024\/11\/IMG_20241129_235519-1024x670.jpg\" alt=\"\" class=\"wp-image-5834\" style=\"width:650px;height:auto\" srcset=\"https:\/\/sjfu.fr\/wp-content\/uploads\/2024\/11\/IMG_20241129_235519-1024x670.jpg 1024w, https:\/\/sjfu.fr\/wp-content\/uploads\/2024\/11\/IMG_20241129_235519-300x196.jpg 300w, https:\/\/sjfu.fr\/wp-content\/uploads\/2024\/11\/IMG_20241129_235519-768x503.jpg 768w, https:\/\/sjfu.fr\/wp-content\/uploads\/2024\/11\/IMG_20241129_235519-1536x1005.jpg 1536w, https:\/\/sjfu.fr\/wp-content\/uploads\/2024\/11\/IMG_20241129_235519-2048x1340.jpg 2048w\" sizes=\"auto, (max-width: 1024px) 100vw, 1024px\" \/><\/a><\/figure>\n\n\n\n<p><\/p>\n\n\n\n<p><strong>Rendez-vous l&rsquo;ann\u00e9e prochaine pour le prochain congr\u00e8s du SJF !<\/strong><\/p>\n","protected":false},"excerpt":{"rendered":"<p class=\"qua-blog-post-description\">Le syndicat des juridictions financi\u00e8res a tenu son 27\u00e8me congr\u00e8s les 27 et 28 novembre 2024 \u00e0 Paris. Il a eu lieu dans le quartier de l\u2019\u00c9cole Militaire, au sein des locaux de l\u2019ASIEM (6 rue Albert de Lapparent \u2013 75007 Paris). Ce congr\u00e8s a \u00e9t\u00e9 l&rsquo;occasion de proc\u00e9der \u00e0 l&rsquo;\u00e9lection au poste de pr\u00e9sident [&hellip;]<\/p>\n","protected":false},"author":1,"featured_media":0,"parent":137,"menu_order":8,"comment_status":"closed","ping_status":"closed","template":"","meta":{"footnotes":""},"class_list":["post-5677","page","type-page","status-publish","hentry"],"_links":{"self":[{"href":"https:\/\/sjfu.fr\/index.php\/wp-json\/wp\/v2\/pages\/5677","targetHints":{"allow":["GET"]}}],"collection":[{"href":"https:\/\/sjfu.fr\/index.php\/wp-json\/wp\/v2\/pages"}],"about":[{"href":"https:\/\/sjfu.fr\/index.php\/wp-json\/wp\/v2\/types\/page"}],"author":[{"embeddable":true,"href":"https:\/\/sjfu.fr\/index.php\/wp-json\/wp\/v2\/users\/1"}],"replies":[{"embeddable":true,"href":"https:\/\/sjfu.fr\/index.php\/wp-json\/wp\/v2\/comments?post=5677"}],"version-history":[{"count":75,"href":"https:\/\/sjfu.fr\/index.php\/wp-json\/wp\/v2\/pages\/5677\/revisions"}],"predecessor-version":[{"id":5881,"href":"https:\/\/sjfu.fr\/index.php\/wp-json\/wp\/v2\/pages\/5677\/revisions\/5881"}],"up":[{"embeddable":true,"href":"https:\/\/sjfu.fr\/index.php\/wp-json\/wp\/v2\/pages\/137"}],"wp:attachment":[{"href":"https:\/\/sjfu.fr\/index.php\/wp-json\/wp\/v2\/media?parent=5677"}],"curies":[{"name":"wp","href":"https:\/\/api.w.org\/{rel}","templated":true}]}}