{"id":5684,"date":"2024-08-19T16:26:38","date_gmt":"2024-08-19T15:26:38","guid":{"rendered":"https:\/\/sjfu.fr\/?page_id=5684"},"modified":"2024-11-30T15:53:32","modified_gmt":"2024-11-30T14:53:32","slug":"inscription-au-congres-2024","status":"publish","type":"page","link":"https:\/\/sjfu.fr\/index.php\/notre-syndicat\/congres\/congres-2024-du-syndicat-des-juridictions-financieres-novembre-2024-paris\/inscription-au-congres-2024\/","title":{"rendered":"Inscription au congr\u00e8s 2024"},"content":{"rendered":"\n<p>Le congr\u00e8s \u00e9tait ouvert \u00e0 tout adh\u00e9rent \u00e0 jour de cotisation 2024. Les inscriptions sont closes.<\/p>\n\n\n\n<p>Merci pour votre participation.<\/p>\n\n\n\n<p>Pour adh\u00e9rer ou r\u00e9-adh\u00e9rer : <a href=\"https:\/\/sjfu.fr\/index.php\/nos-adherents\/\"><strong>r\u00e9-adh\u00e9rer<\/strong>.<\/a><\/p>\n\n\n\n<p><\/p>\n\n\n\n<p><strong>Rendez-vous au prochain Congr\u00e8s 2025 !<\/strong><\/p>\n","protected":false},"excerpt":{"rendered":"<p class=\"qua-blog-post-description\">Le congr\u00e8s \u00e9tait ouvert \u00e0 tout adh\u00e9rent \u00e0 jour de cotisation 2024. Les inscriptions sont closes. Merci pour votre participation. Pour adh\u00e9rer ou r\u00e9-adh\u00e9rer : r\u00e9-adh\u00e9rer. Rendez-vous au prochain Congr\u00e8s 2025 !<\/p>\n","protected":false},"author":1,"featured_media":0,"parent":5677,"menu_order":1,"comment_status":"closed","ping_status":"closed","template":"","meta":{"footnotes":""},"class_list":["post-5684","page","type-page","status-publish","hentry"],"_links":{"self":[{"href":"https:\/\/sjfu.fr\/index.php\/wp-json\/wp\/v2\/pages\/5684","targetHints":{"allow":["GET"]}}],"collection":[{"href":"https:\/\/sjfu.fr\/index.php\/wp-json\/wp\/v2\/pages"}],"about":[{"href":"https:\/\/sjfu.fr\/index.php\/wp-json\/wp\/v2\/types\/page"}],"author":[{"embeddable":true,"href":"https:\/\/sjfu.fr\/index.php\/wp-json\/wp\/v2\/users\/1"}],"replies":[{"embeddable":true,"href":"https:\/\/sjfu.fr\/index.php\/wp-json\/wp\/v2\/comments?post=5684"}],"version-history":[{"count":8,"href":"https:\/\/sjfu.fr\/index.php\/wp-json\/wp\/v2\/pages\/5684\/revisions"}],"predecessor-version":[{"id":5757,"href":"https:\/\/sjfu.fr\/index.php\/wp-json\/wp\/v2\/pages\/5684\/revisions\/5757"}],"up":[{"embeddable":true,"href":"https:\/\/sjfu.fr\/index.php\/wp-json\/wp\/v2\/pages\/5677"}],"wp:attachment":[{"href":"https:\/\/sjfu.fr\/index.php\/wp-json\/wp\/v2\/media?parent=5684"}],"curies":[{"name":"wp","href":"https:\/\/api.w.org\/{rel}","templated":true}]}}