{"id":675,"date":"2016-03-22T18:23:05","date_gmt":"2016-03-22T17:23:05","guid":{"rendered":"http:\/\/sjfu.fr\/index.php\/newsletter\/"},"modified":"2023-01-27T14:56:25","modified_gmt":"2023-01-27T13:56:25","slug":"newsletter","status":"publish","type":"page","link":"https:\/\/sjfu.fr\/index.php\/newsletter\/","title":{"rendered":"Contact"},"content":{"rendered":"\n<p><strong>Vous pouvez suivre l&rsquo;actualit\u00e9 du SJF sur les r\u00e9seaux sociaux : <a href=\"https:\/\/www.linkedin.com\/in\/sjf-syndicat-des-juridictions-financi%C3%A8res-a85565193\/\">Linkedin<\/a> et <a href=\"https:\/\/twitter.com\/syndicatjf\">Twitter<\/a>.<\/strong><\/p>\n\n\n\n<p><strong>Pour nous \u00e9crire:<\/strong><\/p>\n\n\n\n<p>Syndicat des juridictions financi\u00e8res (pr\u00e9sident)<\/p>\n\n\n\n<p>17 rue de Pom\u00e8gues, 13295 \u2013 MARSEILLE Cedex 08<\/p>\n\n\n\n<p><\/p>\n","protected":false},"excerpt":{"rendered":"<p class=\"qua-blog-post-description\">Vous pouvez suivre l&rsquo;actualit\u00e9 du SJF sur les r\u00e9seaux sociaux : Linkedin et Twitter. Pour nous \u00e9crire: Syndicat des juridictions financi\u00e8res (pr\u00e9sident) 17 rue de Pom\u00e8gues, 13295 \u2013 MARSEILLE Cedex 08<\/p>\n","protected":false},"author":1,"featured_media":0,"parent":0,"menu_order":5,"comment_status":"closed","ping_status":"closed","template":"","meta":{"footnotes":""},"class_list":["post-675","page","type-page","status-publish","hentry"],"_links":{"self":[{"href":"https:\/\/sjfu.fr\/index.php\/wp-json\/wp\/v2\/pages\/675","targetHints":{"allow":["GET"]}}],"collection":[{"href":"https:\/\/sjfu.fr\/index.php\/wp-json\/wp\/v2\/pages"}],"about":[{"href":"https:\/\/sjfu.fr\/index.php\/wp-json\/wp\/v2\/types\/page"}],"author":[{"embeddable":true,"href":"https:\/\/sjfu.fr\/index.php\/wp-json\/wp\/v2\/users\/1"}],"replies":[{"embeddable":true,"href":"https:\/\/sjfu.fr\/index.php\/wp-json\/wp\/v2\/comments?post=675"}],"version-history":[{"count":51,"href":"https:\/\/sjfu.fr\/index.php\/wp-json\/wp\/v2\/pages\/675\/revisions"}],"predecessor-version":[{"id":5432,"href":"https:\/\/sjfu.fr\/index.php\/wp-json\/wp\/v2\/pages\/675\/revisions\/5432"}],"wp:attachment":[{"href":"https:\/\/sjfu.fr\/index.php\/wp-json\/wp\/v2\/media?parent=675"}],"curies":[{"name":"wp","href":"https:\/\/api.w.org\/{rel}","templated":true}]}}