{"id":174,"date":"2015-11-14T14:49:01","date_gmt":"2015-11-14T13:49:01","guid":{"rendered":"http:\/\/sjfu.fr\/intranet\/?page_id=174"},"modified":"2022-01-31T10:37:34","modified_gmt":"2022-01-31T09:37:34","slug":"remuneration","status":"publish","type":"page","link":"https:\/\/sjfu.fr\/intranet\/actions-syndicales\/statut-et-remuneration\/remuneration\/","title":{"rendered":"R\u00e9mun\u00e9ration (archives d&rsquo;avant 2015)"},"content":{"rendered":"<p>La r\u00e9mun\u00e9ration principale est li\u00e9e \u00e0 l\u2019\u00e9chelonnement indiciaire. Elle est compl\u00e9t\u00e9e par un r\u00e9gime indemnitaire.<\/p>\n<h3>L\u2019\u00e9chelonnement indiciaire:<\/h3>\n<p>Le <a href=\"https:\/\/www.legifrance.gouv.fr\/affichTexteArticle.do;jsessionid=C343CC93E9027B4665B3F5B4CA08EAA0.tpdila14v_1?cidTexte=JORFTEXT000025822349&amp;idArticle=LEGIARTI000025830689&amp;dateTexte=20130103&amp;categorieLien=id#LEGIARTI000025830689\">D\u00e9cret n\u00b02012-672 du 7 mai 2012 &#8211; art. 1<\/a>, codifi\u00e9 \u00e0 l\u2019article R224-1 du code des juridictions financi\u00e8res, a cr\u00e9\u00e9 des \u00e9chelons sp\u00e9ciaux&nbsp;:<\/p>\n<p>Les grades du corps des magistrats des chambres r\u00e9gionales des comptes comportent le nombre d&rsquo;\u00e9chelons suivant :<\/p>\n<p>1\u00b0 Pr\u00e9sident de section de chambre r\u00e9gionale des comptes : quatre \u00e9chelons <strong><u>et deux \u00e9chelons sp\u00e9ciaux<\/u><\/strong> ;<\/p>\n<p>2\u00b0 Premier conseiller de chambre r\u00e9gionale des comptes : sept \u00e9chelons <strong><u>et un \u00e9chelon sp\u00e9cial<\/u><\/strong> ;<\/p>\n<p>3\u00b0 Conseiller de chambre r\u00e9gionale des comptes : sept \u00e9chelons.<\/p>\n<p>Ces \u00e9chelons sp\u00e9ciaux n\u2019existaient donc pas auparavant. Leur cr\u00e9ation a m\u00e9caniquement eu une incidence sur les modalit\u00e9s de liquidation des retraites.<\/p>\n<p>L\u2019article &nbsp;R. 224-3-1.-I. du code des juridictions financi\u00e8res dispose&nbsp;: \u00ab&nbsp;\u2015 Pour les premiers conseillers ayant au moins quinze ann\u00e9es d&rsquo;anciennet\u00e9 dans le corps et au moins sept ans d&rsquo;anciennet\u00e9 au 7e \u00e9chelon de leur grade, l&rsquo;avancement \u00e0 l&rsquo;\u00e9chelon sp\u00e9cial du grade de premier conseiller se fait dans la limite d&rsquo;un pourcentage des effectifs du grade fix\u00e9 par arr\u00eat\u00e9 conjoint du Premier ministre, du ministre charg\u00e9 du budget et du ministre charg\u00e9 de la fonction publique. L&rsquo;acc\u00e8s \u00e0 cet \u00e9chelon sp\u00e9cial s&rsquo;effectue par ordre d&rsquo;anciennet\u00e9 dans le 7e \u00e9chelon.<br \/>\n\u00ab II. \u2015 Pour les pr\u00e9sidents de section ayant atteint le 4e \u00e9chelon de ce grade depuis au moins cinq ans, l&rsquo;avancement au premier \u00e9chelon sp\u00e9cial du grade de pr\u00e9sident de section se fait dans la limite d&rsquo;un pourcentage des effectifs du grade fix\u00e9 par arr\u00eat\u00e9 conjoint du Premier ministre, du ministre charg\u00e9 du budget et du ministre charg\u00e9 de la fonction publique. L&rsquo;acc\u00e8s \u00e0 cet \u00e9chelon sp\u00e9cial s&rsquo;effectue par ordre d&rsquo;anciennet\u00e9 dans le 4e \u00e9chelon.<br \/>\n\u00ab III. \u2015 Pour les pr\u00e9sidents de section ayant atteint le premier \u00e9chelon sp\u00e9cial depuis au moins cinq ans, l&rsquo;avancement au deuxi\u00e8me \u00e9chelon sp\u00e9cial du grade de pr\u00e9sident de section se fait dans la limite d&rsquo;un pourcentage des effectifs du premier \u00e9chelon sp\u00e9cial fix\u00e9 par arr\u00eat\u00e9 conjoint du Premier ministre, du ministre charg\u00e9 du budget et du ministre charg\u00e9 de la fonction publique. L&rsquo;acc\u00e8s \u00e0 ce deuxi\u00e8me \u00e9chelon sp\u00e9cial s&rsquo;effectue par ordre d&rsquo;anciennet\u00e9 dans le premier \u00e9chelon sp\u00e9cial. \u00bb<\/p>\n<p>Le pourcentage mentionn\u00e9 au I de l&rsquo;article R. 224-3-1 du code des juridictions financi\u00e8res pour l&rsquo;acc\u00e8s \u00e0 l&rsquo;\u00e9chelon sp\u00e9cial du grade de premier conseiller a \u00e9t\u00e9 fix\u00e9 le 7 juillet 2012 \u00e0 3 % au titre de l&rsquo;ann\u00e9e 2012, \u00e0 5 % au titre de l&rsquo;ann\u00e9e 2013, \u00e0 8 % au titre de l&rsquo;ann\u00e9e 2014 et \u00e0 10 % \u00e0 compter de l&rsquo;ann\u00e9e 2015. Il a ult\u00e9rieurement \u00e9t\u00e9 est fix\u00e9, le 4 juin 2014, \u00e0 l\u2019initiative de notre organisation syndicale, \u00e0 15 % au titre de l&rsquo;ann\u00e9e 2013 et \u00e0 20 % \u00e0 compter de l&rsquo;ann\u00e9e 2014. Un rappel de salaire a donc eu lieu pour l\u2019exercice 2013 pour les coll\u00e8gues concern\u00e9s.<\/p>\n<p>Le pourcentage mentionn\u00e9 au II de l&rsquo;article R. 224-3-1 du code des juridictions financi\u00e8res pour l&rsquo;acc\u00e8s au premier \u00e9chelon sp\u00e9cial du grade de pr\u00e9sident de section est fix\u00e9 \u00e0 7 % au titre de l&rsquo;ann\u00e9e 2012, \u00e0 12 % au titre de l&rsquo;ann\u00e9e 2013, \u00e0 15 % au titre de l&rsquo;ann\u00e9e 2014 et \u00e0 20 % \u00e0 compter de l&rsquo;ann\u00e9e 2015.<\/p>\n<p>Le pourcentage mentionn\u00e9 au III de l&rsquo;article R. 224-3-1du&nbsp;<a href=\"https:\/\/www.legifrance.gouv.fr\/affichCode.do?cidTexte=LEGITEXT000006070249&amp;dateTexte=&amp;categorieLien=cid\">code des juridictions financi\u00e8res<\/a>&nbsp;pour l&rsquo;acc\u00e8s au deuxi\u00e8me \u00e9chelon sp\u00e9cial du grade de pr\u00e9sident de section est fix\u00e9 \u00e0 25 %.<\/p>\n<h3>Le r\u00e9gime indemnitaire:<\/h3>\n<p>Le r\u00e9gime indemnitaire, fix\u00e9 par le <a href=\"http:\/\/www.legifrance.gouv.fr\/jopdf\/common\/jo_pdf.jsp?numJO=0&amp;dateJO=20021030&amp;numTexte=10&amp;pageDebut=17996&amp;pageFin=17997\">d\u00e9cret n\u00b0&nbsp;2002-1307 du 28 octobre 2002<\/a> (compl\u00e9t\u00e9 par l\u2019<a href=\"http:\/\/www.legifrance.gouv.fr\/affichTexte.do?cidTexte=JORFTEXT000000227391&amp;fastPos=1&amp;fastReqId=1762371191&amp;categorieLien=cid&amp;oldAction=rechTexte\">arr\u00eat\u00e9 du 28 octobre 2002<\/a>), le <a href=\"http:\/\/www.legifrance.gouv.fr\/jopdf\/common\/jo_pdf.jsp?numJO=0&amp;dateJO=20030305&amp;numTexte=28&amp;pageDebut=03849&amp;pageFin=03849\">d\u00e9cret n\u00b0&nbsp;2003-176 modifi\u00e9 du 3 mars 2003<\/a> (compl\u00e9t\u00e9 par l\u2019<a href=\"http:\/\/www.legifrance.gouv.fr\/jopdf\/common\/jo_pdf.jsp?numJO=0&amp;dateJO=20030305&amp;numTexte=35&amp;pageDebut=03852&amp;pageFin=03853\">arr\u00eat\u00e9 du 3 mars 2003<\/a>) et le <a href=\"http:\/\/www.legifrance.gouv.fr\/affichTexte.do?cidTexte=JORFTEXT000025561627&amp;fastPos=1&amp;fastReqId=448220656&amp;categorieLien=cid&amp;oldAction=rechTexte\">d\u00e9cret n\u00b0&nbsp;2012-401 du 23 mars 2012<\/a> (compl\u00e9t\u00e9 par l\u2019<a href=\"http:\/\/www.legifrance.gouv.fr\/affichTexte.do?cidTexte=JORFTEXT000025561652&amp;fastPos=2&amp;fastReqId=147875447&amp;categorieLien=cid&amp;oldAction=rechTexte\">arr\u00eat\u00e9 modifi\u00e9 du 23 mars 2012<\/a>), comporte&nbsp;5 \u00e9l\u00e9ments (sans compter les indemnit\u00e9s de droit commun, savoir l\u2019indemnit\u00e9 de r\u00e9sidence, le suppl\u00e9ment familial de traitement et l\u2019indemnit\u00e9 dite exceptionnelle qui ne concerne que les fonctionnaires les plus anciens)&nbsp;:<\/p>\n<ul>\n<li>une NBI pour les pr\u00e9sidents de section (sauf les assesseurs) et les procureurs financiers dirigeant les minist\u00e8res publics pr\u00e8s 6 chambres non d\u00e9sign\u00e9es (<a href=\"http:\/\/www.legifrance.gouv.fr\/affichTexte.do?cidTexte=JORFTEXT000027504373&amp;fastPos=1&amp;fastReqId=1790116427&amp;categorieLien=id&amp;oldAction=rechTexte\">arr\u00eat\u00e9 du 3 juin 2013<\/a> modifiant l\u2019arr\u00eat\u00e9 du 3 mars 2003)&nbsp;;<\/li>\n<li>une prime forfaitaire de fonctions comprenant&nbsp;:<\/li>\n<li>une part li\u00e9e au grade&nbsp;;<\/li>\n<li>une part li\u00e9e aux fonctions&nbsp;;<\/li>\n<li>une prime dite de rendement&nbsp;;<\/li>\n<li>une indemnit\u00e9 mensuelle de technicit\u00e9.<\/li>\n<\/ul>\n<p>Une <a href=\"https:\/\/drive.google.com\/file\/d\/0BwRWtKE4DOnAYTA4TGVhYTF2Tms\/view?usp=sharing\" target=\"_blank\" rel=\"noopener noreferrer\">instruction du 8 octobre 2002 relative au r\u00e9gime indemnitaire<\/a> organise les modalit\u00e9s de gestion du dispositif.<\/p>\n<p>Les notes ci-dessous pr\u00e9sentent le d\u00e9tail des modalit\u00e9s de liquidation de votre r\u00e9mun\u00e9ration:<\/p>\n<p><strong><a href=\"https:\/\/sjfu.fr\/intranet\/wp-content\/uploads\/2015\/11\/R\u00e9mun\u00e9rations-2016.pdf\">R\u00e9mun\u00e9ration 2016<\/a><\/strong><\/p>\n<p><strong><a href=\"https:\/\/drive.google.com\/file\/d\/0BwRWtKE4DOnAeWVMZ1cxalNibUU\/view?usp=sharing\" target=\"_blank\" rel=\"noopener noreferrer\">R\u00e9mun\u00e9ration 2015<\/a><\/strong><\/p>\n<p><strong><a href=\"https:\/\/drive.google.com\/file\/d\/0BwRWtKE4DOnAUVJmZW9qR01jcVE\/view?usp=sharing\" target=\"_blank\" rel=\"noopener noreferrer\">R\u00e9mun\u00e9ration 2014<\/a><\/strong><\/p>\n<p><strong><a href=\"https:\/\/drive.google.com\/file\/d\/0BwRWtKE4DOnAZHVsa1huMGJPZG8\/view?usp=sharing\" target=\"_blank\" rel=\"noopener noreferrer\">R\u00e9mun\u00e9ration 2013<\/a><\/strong><\/p>\n<div class=\"box-style-4-header\">\n<h2 class=\"title-style-6\"><strong>Documents associ\u00e9s<\/strong><\/h2>\n<\/div>\n<div class=\"box-style-4-inner\">\n<ul class=\"list-style-1\">\n<li class=\"pdf\"><a href=\"http:\/\/www.fonction-publique.gouv.fr\/files\/files\/statistiques\/jaunes\/jaune2015_fonction_publique.pdf\" target=\"_blank\" rel=\"noopener noreferrer\"><strong>Rapport sur l&rsquo;\u00e9tat de la fonction publique et les r\u00e9mun\u00e9rations 2015<\/strong> &#8211; 1.71 Mo<\/a><\/li>\n<\/ul>\n<ul class=\"list-style-1\">\n<li class=\"pdf\"><a href=\"http:\/\/www.fonction-publique.gouv.fr\/files\/files\/statistiques\/jaunes\/jaune2014_FP.pdf\" target=\"_blank\" rel=\"noopener noreferrer\"><strong>Rapport sur l\u2019\u00e9tat de la Fonction publique et les r\u00e9mun\u00e9rations 2014<\/strong> &#8211; 1.77 Mo<\/a><\/li>\n<\/ul>\n<ul class=\"list-style-1\">\n<li class=\"pdf\"><a href=\"http:\/\/www.fonction-publique.gouv.fr\/files\/files\/statistiques\/jaunes\/jaune2013_FP.pdf\" target=\"_blank\" rel=\"noopener noreferrer\"><strong>Rapport sur l\u2019\u00e9tat de la Fonction publique et les r\u00e9mun\u00e9rations 2013<\/strong> &#8211; 1.46 Mo<\/a><\/li>\n<\/ul>\n<ul class=\"list-style-1\">\n<li class=\"pdf\"><a href=\"http:\/\/www.fonction-publique.gouv.fr\/files\/files\/statistiques\/jaunes\/jaune2012_FP.pdf\" target=\"_blank\" rel=\"noopener noreferrer\"><strong>Rapport sur l\u2019\u00e9tat de la Fonction publique et les r\u00e9mun\u00e9rations 2012<\/strong> &#8211; 1.57 Mo<\/a><\/li>\n<\/ul>\n<ul class=\"list-style-1\">\n<li class=\"pdf\"><a href=\"http:\/\/www.fonction-publique.gouv.fr\/files\/files\/statistiques\/jaunes\/Jaune2011_FP.pdf\" target=\"_blank\" rel=\"noopener noreferrer\"><strong>Rapport sur l\u2019\u00e9tat de la Fonction publique et les r\u00e9mun\u00e9rations 2011<\/strong> &#8211; 1.65 Mo<\/a><\/li>\n<\/ul>\n<\/div>\n<p><a href=\"http:\/\/dgs-drhf\/images\/drhf\/4_REMUNERATION\/BP_Magistrat_CRCfiches.pdf\" target=\"_blank\" rel=\"noopener noreferrer\">Comprendre votre bulletin de paie<\/a><\/p>\n<p><a href=\"http:\/\/dgs-drhf\/images\/drhf\/4_REMUNERATION\/Evolution_PC_2015.pdf\" target=\"_blank\" rel=\"noopener noreferrer\">Taux de cotisation au r\u00e9gime retraite<\/a><\/p>\n","protected":false},"excerpt":{"rendered":"<p>La r\u00e9mun\u00e9ration principale est li\u00e9e \u00e0 l\u2019\u00e9chelonnement indiciaire. Elle est compl\u00e9t\u00e9e par un r\u00e9gime indemnitaire. L\u2019\u00e9chelonnement indiciaire: Le D\u00e9cret n\u00b02012-672 du 7 mai 2012 &#8211; art. 1, codifi\u00e9 \u00e0 l\u2019article R224-1 du code des juridictions financi\u00e8res, a cr\u00e9\u00e9 des \u00e9chelons sp\u00e9ciaux&nbsp;: Les grades du corps des magistrats des chambres r\u00e9gionales<a href=\"https:\/\/sjfu.fr\/intranet\/actions-syndicales\/statut-et-remuneration\/remuneration\/\" class=\"read-more\">Read the Rest&#8230;<\/a><\/p>\n","protected":false},"author":2,"featured_media":0,"parent":58,"menu_order":5,"comment_status":"closed","ping_status":"closed","template":"","meta":{"footnotes":""},"class_list":["post-174","page","type-page","status-publish","hentry"],"_links":{"self":[{"href":"https:\/\/sjfu.fr\/intranet\/wp-json\/wp\/v2\/pages\/174","targetHints":{"allow":["GET"]}}],"collection":[{"href":"https:\/\/sjfu.fr\/intranet\/wp-json\/wp\/v2\/pages"}],"about":[{"href":"https:\/\/sjfu.fr\/intranet\/wp-json\/wp\/v2\/types\/page"}],"author":[{"embeddable":true,"href":"https:\/\/sjfu.fr\/intranet\/wp-json\/wp\/v2\/users\/2"}],"replies":[{"embeddable":true,"href":"https:\/\/sjfu.fr\/intranet\/wp-json\/wp\/v2\/comments?post=174"}],"version-history":[{"count":16,"href":"https:\/\/sjfu.fr\/intranet\/wp-json\/wp\/v2\/pages\/174\/revisions"}],"predecessor-version":[{"id":3232,"href":"https:\/\/sjfu.fr\/intranet\/wp-json\/wp\/v2\/pages\/174\/revisions\/3232"}],"up":[{"embeddable":true,"href":"https:\/\/sjfu.fr\/intranet\/wp-json\/wp\/v2\/pages\/58"}],"wp:attachment":[{"href":"https:\/\/sjfu.fr\/intranet\/wp-json\/wp\/v2\/media?parent=174"}],"curies":[{"name":"wp","href":"https:\/\/api.w.org\/{rel}","templated":true}]}}