{"id":2130,"date":"2018-03-05T10:10:19","date_gmt":"2018-03-05T09:10:19","guid":{"rendered":"http:\/\/sjfu.fr\/intranet\/?page_id=2130"},"modified":"2022-10-07T20:37:10","modified_gmt":"2022-10-07T19:37:10","slug":"fonctionnement-des-instances","status":"publish","type":"page","link":"https:\/\/sjfu.fr\/intranet\/fonctionnement-des-instances\/","title":{"rendered":"Fonctionnement des instances"},"content":{"rendered":"\n<p><strong>Acc\u00e9dez aux informations sur :<\/strong><\/p>\n\n\n\n<ul class=\"wp-block-list\"><li>Le <a href=\"https:\/\/sjfu.fr\/intranet\/fonctionnement-des-instances\/congres\/\">Congr\u00e8s<\/a><\/li><li>Le <a href=\"https:\/\/sjfu.fr\/intranet\/fonctionnement-des-instances\/le-bureau\/\">bureau national et le conseil national<\/a><\/li><li>Les <a href=\"https:\/\/sjfu.fr\/intranet\/fonctionnement-des-instances\/secretaires-de-section\/\">d\u00e9l\u00e9gu\u00e9s des sections locales du SJF<\/a><\/li><li>Le Conseil sup\u00e9rieur des CRTC, avec la liste de vos \u00e9lus (ci-dessous), le <a href=\"https:\/\/sjfu.fr\/intranet\/fonctionnement-des-instances\/conseil-superieur\/reglement-interieur-du-conseil-superieur\/\">r\u00e8glement int\u00e9rieur du Conseil sup\u00e9rieur<\/a>, et les <a href=\"https:\/\/sjfu.fr\/intranet\/fonctionnement-des-instances\/conseil-superieur\/prises-de-position-des-representants-elus\/\">comptes rendus de vos \u00e9lus<\/a>.<\/li><\/ul>\n","protected":false},"excerpt":{"rendered":"<p>Acc\u00e9dez aux informations sur : Le Congr\u00e8s Le bureau national et le conseil national Les d\u00e9l\u00e9gu\u00e9s des sections locales du SJF Le Conseil sup\u00e9rieur des CRTC, avec la liste de vos \u00e9lus (ci-dessous), le r\u00e8glement int\u00e9rieur du Conseil sup\u00e9rieur, et les comptes rendus de vos \u00e9lus.<\/p>\n","protected":false},"author":1,"featured_media":0,"parent":0,"menu_order":1,"comment_status":"closed","ping_status":"closed","template":"","meta":{"footnotes":""},"class_list":["post-2130","page","type-page","status-publish","hentry"],"_links":{"self":[{"href":"https:\/\/sjfu.fr\/intranet\/wp-json\/wp\/v2\/pages\/2130","targetHints":{"allow":["GET"]}}],"collection":[{"href":"https:\/\/sjfu.fr\/intranet\/wp-json\/wp\/v2\/pages"}],"about":[{"href":"https:\/\/sjfu.fr\/intranet\/wp-json\/wp\/v2\/types\/page"}],"author":[{"embeddable":true,"href":"https:\/\/sjfu.fr\/intranet\/wp-json\/wp\/v2\/users\/1"}],"replies":[{"embeddable":true,"href":"https:\/\/sjfu.fr\/intranet\/wp-json\/wp\/v2\/comments?post=2130"}],"version-history":[{"count":2,"href":"https:\/\/sjfu.fr\/intranet\/wp-json\/wp\/v2\/pages\/2130\/revisions"}],"predecessor-version":[{"id":3451,"href":"https:\/\/sjfu.fr\/intranet\/wp-json\/wp\/v2\/pages\/2130\/revisions\/3451"}],"wp:attachment":[{"href":"https:\/\/sjfu.fr\/intranet\/wp-json\/wp\/v2\/media?parent=2130"}],"curies":[{"name":"wp","href":"https:\/\/api.w.org\/{rel}","templated":true}]}}