{"id":3240,"date":"2022-01-31T11:22:48","date_gmt":"2022-01-31T10:22:48","guid":{"rendered":"http:\/\/sjfu.fr\/intranet\/?page_id=3240"},"modified":"2022-01-31T18:05:35","modified_gmt":"2022-01-31T17:05:35","slug":"aatf","status":"publish","type":"page","link":"https:\/\/sjfu.fr\/intranet\/actions-syndicales\/partenariats\/aatf\/","title":{"rendered":"AATF"},"content":{"rendered":"\n<p>Le SJF entretient des relations avec l&rsquo;association des administrateurs territoriaux de France, en raison, notamment, de la pr\u00e9sence importante d&rsquo;administrateurs territoriaux dans le corps (en d\u00e9tachement et\/ou int\u00e9gr\u00e9s). Discut\u00e9e durant plus d&rsquo;un an, une <a href=\"https:\/\/drive.google.com\/file\/d\/1XKOh9vaS9BxuJha8nOWWOY_krh1UYqKr\/view?usp=sharing\">convention de partenariat<\/a> a \u00e9t\u00e9 conclue en novembre 2020 afin de favoriser les \u00e9changes, les collaborations, y compris en mati\u00e8re d&rsquo;opportunit\u00e9s professionnelles.<\/p>\n\n\n\n<figure class=\"wp-block-image size-large\"><img loading=\"lazy\" decoding=\"async\" width=\"1024\" height=\"547\" src=\"https:\/\/sjfu.fr\/intranet\/wp-content\/uploads\/2022\/01\/SJF-AATF-2018-1024x547.jpg\" alt=\"\" class=\"wp-image-3245\" srcset=\"https:\/\/sjfu.fr\/intranet\/wp-content\/uploads\/2022\/01\/SJF-AATF-2018-1024x547.jpg 1024w, https:\/\/sjfu.fr\/intranet\/wp-content\/uploads\/2022\/01\/SJF-AATF-2018-300x160.jpg 300w, https:\/\/sjfu.fr\/intranet\/wp-content\/uploads\/2022\/01\/SJF-AATF-2018-768x411.jpg 768w, https:\/\/sjfu.fr\/intranet\/wp-content\/uploads\/2022\/01\/SJF-AATF-2018-600x321.jpg 600w, https:\/\/sjfu.fr\/intranet\/wp-content\/uploads\/2022\/01\/SJF-AATF-2018-1536x821.jpg 1536w, https:\/\/sjfu.fr\/intranet\/wp-content\/uploads\/2022\/01\/SJF-AATF-2018-2048x1095.jpg 2048w, https:\/\/sjfu.fr\/intranet\/wp-content\/uploads\/2022\/01\/SJF-AATF-2018-1320x706.jpg 1320w\" sizes=\"auto, (max-width: 1024px) 100vw, 1024px\" \/><figcaption>Participation de l&rsquo;AATF au Congr\u00e8s du SJF de 2018 (Paris)<\/figcaption><\/figure>\n\n\n\n<figure class=\"wp-block-image size-large\"><img loading=\"lazy\" decoding=\"async\" width=\"751\" height=\"1001\" src=\"https:\/\/sjfu.fr\/intranet\/wp-content\/uploads\/2022\/01\/PhotoAATF-SJF-2019.jpg\" alt=\"\" class=\"wp-image-3241\" srcset=\"https:\/\/sjfu.fr\/intranet\/wp-content\/uploads\/2022\/01\/PhotoAATF-SJF-2019.jpg 751w, https:\/\/sjfu.fr\/intranet\/wp-content\/uploads\/2022\/01\/PhotoAATF-SJF-2019-225x300.jpg 225w, https:\/\/sjfu.fr\/intranet\/wp-content\/uploads\/2022\/01\/PhotoAATF-SJF-2019-600x800.jpg 600w, https:\/\/sjfu.fr\/intranet\/wp-content\/uploads\/2022\/01\/PhotoAATF-SJF-2019-300x400.jpg 300w\" sizes=\"auto, (max-width: 751px) 100vw, 751px\" \/><figcaption>Participation du SJF au Congr\u00e8s de l&rsquo;AATF d&rsquo;Orl\u00e9ans (2019)<\/figcaption><\/figure>\n","protected":false},"excerpt":{"rendered":"<p>Le SJF entretient des relations avec l&rsquo;association des administrateurs territoriaux de France, en raison, notamment, de la pr\u00e9sence importante d&rsquo;administrateurs territoriaux dans le corps (en d\u00e9tachement et\/ou int\u00e9gr\u00e9s). Discut\u00e9e durant plus d&rsquo;un an, une convention de partenariat a \u00e9t\u00e9 conclue en novembre 2020 afin de favoriser les \u00e9changes, les collaborations,<a href=\"https:\/\/sjfu.fr\/intranet\/actions-syndicales\/partenariats\/aatf\/\" class=\"read-more\">Read the Rest&#8230;<\/a><\/p>\n","protected":false},"author":1,"featured_media":0,"parent":73,"menu_order":3,"comment_status":"closed","ping_status":"closed","template":"","meta":{"footnotes":""},"class_list":["post-3240","page","type-page","status-publish","hentry"],"_links":{"self":[{"href":"https:\/\/sjfu.fr\/intranet\/wp-json\/wp\/v2\/pages\/3240","targetHints":{"allow":["GET"]}}],"collection":[{"href":"https:\/\/sjfu.fr\/intranet\/wp-json\/wp\/v2\/pages"}],"about":[{"href":"https:\/\/sjfu.fr\/intranet\/wp-json\/wp\/v2\/types\/page"}],"author":[{"embeddable":true,"href":"https:\/\/sjfu.fr\/intranet\/wp-json\/wp\/v2\/users\/1"}],"replies":[{"embeddable":true,"href":"https:\/\/sjfu.fr\/intranet\/wp-json\/wp\/v2\/comments?post=3240"}],"version-history":[{"count":2,"href":"https:\/\/sjfu.fr\/intranet\/wp-json\/wp\/v2\/pages\/3240\/revisions"}],"predecessor-version":[{"id":3246,"href":"https:\/\/sjfu.fr\/intranet\/wp-json\/wp\/v2\/pages\/3240\/revisions\/3246"}],"up":[{"embeddable":true,"href":"https:\/\/sjfu.fr\/intranet\/wp-json\/wp\/v2\/pages\/73"}],"wp:attachment":[{"href":"https:\/\/sjfu.fr\/intranet\/wp-json\/wp\/v2\/media?parent=3240"}],"curies":[{"name":"wp","href":"https:\/\/api.w.org\/{rel}","templated":true}]}}