{"id":3316,"date":"2022-02-18T11:28:20","date_gmt":"2022-02-18T10:28:20","guid":{"rendered":"http:\/\/sjfu.fr\/intranet\/?page_id=3316"},"modified":"2022-02-18T11:29:00","modified_gmt":"2022-02-18T10:29:00","slug":"noisiel-2016","status":"publish","type":"page","link":"https:\/\/sjfu.fr\/intranet\/fonctionnement-des-instances\/congres\/noisiel-2016\/","title":{"rendered":"Noisiel 2016"},"content":{"rendered":"\n<figure class=\"wp-block-image size-large\"><img loading=\"lazy\" decoding=\"async\" width=\"1024\" height=\"408\" src=\"https:\/\/sjfu.fr\/intranet\/wp-content\/uploads\/2016\/11\/Allocution-du-pr\u00e9sident-du-SJFu-3-1024x408.jpg\" alt=\"\" class=\"wp-image-1459\" srcset=\"https:\/\/sjfu.fr\/intranet\/wp-content\/uploads\/2016\/11\/Allocution-du-pr\u00e9sident-du-SJFu-3-1024x408.jpg 1024w, https:\/\/sjfu.fr\/intranet\/wp-content\/uploads\/2016\/11\/Allocution-du-pr\u00e9sident-du-SJFu-3-300x119.jpg 300w, https:\/\/sjfu.fr\/intranet\/wp-content\/uploads\/2016\/11\/Allocution-du-pr\u00e9sident-du-SJFu-3-768x306.jpg 768w, https:\/\/sjfu.fr\/intranet\/wp-content\/uploads\/2016\/11\/Allocution-du-pr\u00e9sident-du-SJFu-3-600x239.jpg 600w, https:\/\/sjfu.fr\/intranet\/wp-content\/uploads\/2016\/11\/Allocution-du-pr\u00e9sident-du-SJFu-3.jpg 1632w\" sizes=\"auto, (max-width: 1024px) 100vw, 1024px\" \/><figcaption>Congr\u00e8s de Noisiel (novembre 2016)<\/figcaption><\/figure>\n\n\n\n<p>Le congr\u00e8s du SJF s&rsquo;est tenu \u00e0 Noisiel en novembre 2016.<\/p>\n\n\n\n<p>Retrouvez les <a href=\"https:\/\/sjfu.fr\/index.php\/notre-syndicat\/congres\/noisiel-2016\/\">informations<\/a> sur le congr\u00e8s sur le site internet du SJF.<\/p>\n\n\n\n<p>Principaux rapports pr\u00e9sent\u00e9s et adopt\u00e9s:<\/p>\n\n\n\n<p><a href=\"https:\/\/drive.google.com\/file\/d\/0BwRWtKE4DOnANEN5SzBOc3ByTnc\/view?usp=sharing\">Rapport financier 2015<\/a> <\/p>\n\n\n\n<p><a href=\"https:\/\/drive.google.com\/file\/d\/0BwRWtKE4DOnATGtibTJ5WTBUTUk\/view?usp=sharing\">Rapport du r\u00e9viseur aux comptes<\/a><\/p>\n\n\n\n<p>Fixation du montant des cotisations 2017<\/p>\n\n\n\n<p>Rapport des \u00e9lus au conseil sup\u00e9rieur<\/p>\n\n\n\n<p><a href=\"https:\/\/drive.google.com\/file\/d\/0BwRWtKE4DOnAaVJQanVtejlRMTA\/view?usp=sharing\">Rapport moral du pr\u00e9sident<\/a>&nbsp;(<a href=\"https:\/\/issuu.com\/syndicatdesjuridictionsfinancieres\/docs\/rapport_moral_du_pr__sident_du_sjfu\">ISSUU<\/a>)<\/p>\n\n\n\n<p>Election compl\u00e9mentaire de membres du bureau<\/p>\n\n\n\n<p>Pr\u00e9sentation du&nbsp;<a href=\"https:\/\/sjfu.fr\/intranet\/actions-syndicales\/agenda-social\/\">projet de protocole d\u2019accord sur la r\u00e9novation du r\u00e9gime indemnitaire<\/a><\/p>\n\n\n\n<p><a href=\"https:\/\/drive.google.com\/file\/d\/0BwRWtKE4DOnAQkdsUGxZLXVoVG8\/view?usp=sharing\">Restitution de la consultation<\/a><\/p>\n\n\n\n<p>Travaux en atelier&nbsp;(un animateur et un rapporteur par atelier):<\/p>\n\n\n\n<p><a href=\"https:\/\/drive.google.com\/file\/d\/0BwRWtKE4DOnANVVvVHRaNTkySVk\/view?usp=sharing\">Atelier 1: \u00ab L\u2019ind\u00e9pendance du magistrat financier \u00bb<\/a><\/p>\n\n\n\n<p><a href=\"https:\/\/drive.google.com\/file\/d\/0BwRWtKE4DOnAdndxZ1Q5TnB6SXM\/view?usp=sharing\">Atelier 2: \u00ab Parcours professionnels, nouveaux profils, nouvelles perspectives \u00bb<\/a><\/p>\n\n\n\n<p><a href=\"https:\/\/drive.google.com\/file\/d\/0BwRWtKE4DOnAZVRDY3lYMDI3Nkk\/view?usp=sharing\">Atelier 3: \u00ab Les composantes de la r\u00e9mun\u00e9ration et leurs \u00e9volutions \u00bb<\/a><\/p>\n\n\n\n<p><a href=\"https:\/\/drive.google.com\/file\/d\/0BwRWtKE4DOnAUUZKbWo4aXIyTUE\/view?usp=sharing\">Atelier 4 : \u00ab L\u2019organisation du travail au sein des juridictions financi\u00e8res \u00bb<\/a><\/p>\n\n\n\n<p>Signature d\u2019une <a href=\"https:\/\/drive.google.com\/file\/d\/0BwRWtKE4DOnAWERKalJtcFlySnM\/view?usp=sharing\">convention de partenariat<\/a> avec l\u2019Union des magistrats de la Cour des comptes de Tunisie <\/p>\n","protected":false},"excerpt":{"rendered":"<p>Le congr\u00e8s du SJF s&rsquo;est tenu \u00e0 Noisiel en novembre 2016. Retrouvez les informations sur le congr\u00e8s sur le site internet du SJF. Principaux rapports pr\u00e9sent\u00e9s et adopt\u00e9s: Rapport financier 2015 Rapport du r\u00e9viseur aux comptes Fixation du montant des cotisations 2017 Rapport des \u00e9lus au conseil sup\u00e9rieur Rapport moral<a href=\"https:\/\/sjfu.fr\/intranet\/fonctionnement-des-instances\/congres\/noisiel-2016\/\" class=\"read-more\">Read the Rest&#8230;<\/a><\/p>\n","protected":false},"author":1,"featured_media":0,"parent":3019,"menu_order":7,"comment_status":"closed","ping_status":"closed","template":"","meta":{"footnotes":""},"class_list":["post-3316","page","type-page","status-publish","hentry"],"_links":{"self":[{"href":"https:\/\/sjfu.fr\/intranet\/wp-json\/wp\/v2\/pages\/3316","targetHints":{"allow":["GET"]}}],"collection":[{"href":"https:\/\/sjfu.fr\/intranet\/wp-json\/wp\/v2\/pages"}],"about":[{"href":"https:\/\/sjfu.fr\/intranet\/wp-json\/wp\/v2\/types\/page"}],"author":[{"embeddable":true,"href":"https:\/\/sjfu.fr\/intranet\/wp-json\/wp\/v2\/users\/1"}],"replies":[{"embeddable":true,"href":"https:\/\/sjfu.fr\/intranet\/wp-json\/wp\/v2\/comments?post=3316"}],"version-history":[{"count":2,"href":"https:\/\/sjfu.fr\/intranet\/wp-json\/wp\/v2\/pages\/3316\/revisions"}],"predecessor-version":[{"id":3318,"href":"https:\/\/sjfu.fr\/intranet\/wp-json\/wp\/v2\/pages\/3316\/revisions\/3318"}],"up":[{"embeddable":true,"href":"https:\/\/sjfu.fr\/intranet\/wp-json\/wp\/v2\/pages\/3019"}],"wp:attachment":[{"href":"https:\/\/sjfu.fr\/intranet\/wp-json\/wp\/v2\/media?parent=3316"}],"curies":[{"name":"wp","href":"https:\/\/api.w.org\/{rel}","templated":true}]}}