{"id":3349,"date":"2022-06-13T08:49:22","date_gmt":"2022-06-13T07:49:22","guid":{"rendered":"http:\/\/sjfu.fr\/intranet\/?page_id=3349"},"modified":"2022-06-13T08:49:23","modified_gmt":"2022-06-13T07:49:23","slug":"bilan-2021-du-nouveau-regime-indemnitaire","status":"publish","type":"page","link":"https:\/\/sjfu.fr\/intranet\/actions-syndicales\/statut-et-remuneration\/concertation-sur-la-renovation-du-regime-indemnitaire\/bilan-2021-du-nouveau-regime-indemnitaire\/","title":{"rendered":"Bilan 2021 du nouveau r\u00e9gime indemnitaire"},"content":{"rendered":"\n<p>A l\u2019instar des ann\u00e9es pr\u00e9c\u00e9dentes, les repr\u00e9sentants des magistrats \u00e9lus au  Conseil sup\u00e9rieur ont r\u00e9alis\u00e9 un bilan de la quatri\u00e8me ann\u00e9e de  d\u00e9ploiement du nouveau r\u00e9gime indemnitaire, instaur\u00e9 par d\u00e9cret du 31  d\u00e9cembre 2017. Il a \u00e9t\u00e9 pr\u00e9sent\u00e9 au Conseil sup\u00e9rieur du 19 mai 2022.<\/p>\n\n\n\n<p><a href=\"https:\/\/drive.google.com\/file\/d\/18whXdZVLvTR1Gz0KXzL7GFCVn3cz8Kco\/view\">Consulter le bilan 2021 du nouveau r\u00e9gime indemnitaire<\/a><\/p>\n","protected":false},"excerpt":{"rendered":"<p>A l\u2019instar des ann\u00e9es pr\u00e9c\u00e9dentes, les repr\u00e9sentants des magistrats \u00e9lus au Conseil sup\u00e9rieur ont r\u00e9alis\u00e9 un bilan de la quatri\u00e8me ann\u00e9e de d\u00e9ploiement du nouveau r\u00e9gime indemnitaire, instaur\u00e9 par d\u00e9cret du 31 d\u00e9cembre 2017. Il a \u00e9t\u00e9 pr\u00e9sent\u00e9 au Conseil sup\u00e9rieur du 19 mai 2022. Consulter le bilan 2021 du<a href=\"https:\/\/sjfu.fr\/intranet\/actions-syndicales\/statut-et-remuneration\/concertation-sur-la-renovation-du-regime-indemnitaire\/bilan-2021-du-nouveau-regime-indemnitaire\/\" class=\"read-more\">Read the Rest&#8230;<\/a><\/p>\n","protected":false},"author":1,"featured_media":0,"parent":38,"menu_order":4,"comment_status":"closed","ping_status":"closed","template":"","meta":{"footnotes":""},"class_list":["post-3349","page","type-page","status-publish","hentry"],"_links":{"self":[{"href":"https:\/\/sjfu.fr\/intranet\/wp-json\/wp\/v2\/pages\/3349","targetHints":{"allow":["GET"]}}],"collection":[{"href":"https:\/\/sjfu.fr\/intranet\/wp-json\/wp\/v2\/pages"}],"about":[{"href":"https:\/\/sjfu.fr\/intranet\/wp-json\/wp\/v2\/types\/page"}],"author":[{"embeddable":true,"href":"https:\/\/sjfu.fr\/intranet\/wp-json\/wp\/v2\/users\/1"}],"replies":[{"embeddable":true,"href":"https:\/\/sjfu.fr\/intranet\/wp-json\/wp\/v2\/comments?post=3349"}],"version-history":[{"count":1,"href":"https:\/\/sjfu.fr\/intranet\/wp-json\/wp\/v2\/pages\/3349\/revisions"}],"predecessor-version":[{"id":3350,"href":"https:\/\/sjfu.fr\/intranet\/wp-json\/wp\/v2\/pages\/3349\/revisions\/3350"}],"up":[{"embeddable":true,"href":"https:\/\/sjfu.fr\/intranet\/wp-json\/wp\/v2\/pages\/38"}],"wp:attachment":[{"href":"https:\/\/sjfu.fr\/intranet\/wp-json\/wp\/v2\/media?parent=3349"}],"curies":[{"name":"wp","href":"https:\/\/api.w.org\/{rel}","templated":true}]}}