{"id":3408,"date":"2022-09-09T16:16:52","date_gmt":"2022-09-09T15:16:52","guid":{"rendered":"http:\/\/sjfu.fr\/intranet\/?page_id=3408"},"modified":"2022-09-26T14:23:41","modified_gmt":"2022-09-26T13:23:41","slug":"regime-indemnitaire-mission-mobilite-9-septembre-2022","status":"publish","type":"page","link":"https:\/\/sjfu.fr\/intranet\/actions-syndicales\/statut-et-remuneration\/concertation-sur-la-renovation-du-regime-indemnitaire\/regime-indemnitaire-mission-mobilite-9-septembre-2022\/","title":{"rendered":"R\u00e9gime indemnitaire &#8211; mission \u00ab\u00a0mobilit\u00e9\u00a0\u00bb &#8211; 9 septembre 2022"},"content":{"rendered":"\n<p>Destinataires&nbsp;: d\u00e9l\u00e9gu\u00e9s de section (\u00e0 destination de tous les adh\u00e9rents) ; membres du bureau national et \u00e9lus au conseil sup\u00e9rieur<\/p>\n\n\n\n<p>Ch\u00e8res et chers coll\u00e8gues,<\/p>\n\n\n\n<p>Le Conseil sup\u00e9rieur du 7 juillet dernier [voir <a href=\"https:\/\/drive.google.com\/file\/d\/1pH8QDBKilKSNdImkPaCaVS5noLmVkXIP\/view\">compte-rendu du Conseil Sup\u00e9rieur<\/a> et <a href=\"https:\/\/sjfu.fr\/intranet\/actions-syndicales\/statut-et-remuneration\/concertation-sur-la-renovation-du-regime-indemnitaire\/communique-aux-adherents-sur-la-revalorisation-indemnitaire-a-la-suite-du-conseil-superieur-des-crtc-du-7-juillet-2022\/\">message envoy\u00e9 aux adh\u00e9rents le 7 juillet<\/a>] a notamment valid\u00e9 un projet d\u2019arr\u00eat\u00e9 relatif \u00e0 notre r\u00e9gime indemnitaire. Lors de cette s\u00e9ance, le Premier pr\u00e9sident s\u2019est engag\u00e9 \u00e0 associer les repr\u00e9sentants du corps \u00e0 la r\u00e9\u00e9criture de l\u2019instruction du 5 janvier 2018 encadrant l\u2019attribution du r\u00e9gime indemnitaire.<\/p>\n\n\n\n<p>Nous avons obtenu que les objectifs suivants soient explicitement mentionn\u00e9s dans le compte-rendu du Conseil sup\u00e9rieur&nbsp;:<\/p>\n\n\n\n<ul class=\"wp-block-list\"><li>Veiller au traitement \u00e9quitable des nouveaux arrivants et des magistrats en retour de mobilit\u00e9&nbsp;;<\/li><li>Limiter les effets de transferts entre grades&nbsp;;<\/li><li>Pr\u00e9ciser les crit\u00e8res d\u2019attribution de la prime de rendement y compris du futur \u00ab&nbsp;bonus&nbsp;\u00bb&nbsp;;<\/li><li>Enrichir les donn\u00e9es \u00e0 disposition des \u00e9lus.<\/li><\/ul>\n\n\n\n<p>Les discussions sont actuellement en cours avec l\u2019administration pour traduire ces objectifs dans un calendrier compatible avec la campagne d\u2019\u00e9valuation et la mise en paiement de la revalorisation, qui interviendra, d\u2019apr\u00e8s l\u2019administration, en d\u00e9cembre, avec un rattrapage au 1<sup>er<\/sup> f\u00e9vrier 2022. L\u2019engagement du Premier pr\u00e9sident \u00e9tant clair, nous avons bon espoir de parvenir rapidement \u00e0 un accord.<\/p>\n\n\n\n<p>Notre position est ferme&nbsp;: l\u2019atteinte de ces objectifs ne doit se faire au d\u00e9triment de personne et certains acquis de la derni\u00e8re r\u00e9forme, tels que le versement mensuel de la prime de rendement, doivent \u00eatre pr\u00e9serv\u00e9s.<\/p>\n\n\n\n<p>Une d\u00e9l\u00e9gation du SJF a par ailleurs \u00e9t\u00e9 auditionn\u00e9e \u00e0 la Cour des comptes le 6 Septembre 2022 par la mission confi\u00e9e \u00e0 Sophie Bergogne, Julien Oger et Sahbi Salah.<\/p>\n\n\n\n<p>Quatre points ont \u00e9t\u00e9 principalement discut\u00e9s&nbsp;:<\/p>\n\n\n\n<ul class=\"wp-block-list\"><li>L\u2019assouplissement de l\u2019obligation de r\u00e9sidence&nbsp;;<\/li><li>Les \u00e9volutions \u00e0 apporter aux r\u00e8gles relatives aux incompatibilit\u00e9s, marqueur fort du statut de magistrat mais qui apparaissent aujourd\u2019hui en d\u00e9calage avec les aspirations des coll\u00e8gues et inadapt\u00e9es aux objectifs qu\u2019elles poursuivent&nbsp;;<\/li><li>Les conditions de mobilit\u00e9 qui entourent les promotions&nbsp;;<\/li><li>La situation des magistrats d\u00e9tach\u00e9s au sein des juridictions financi\u00e8res.<\/li><\/ul>\n\n\n\n<p>Nos positions se sont principalement fond\u00e9es sur les motions adopt\u00e9es lors du congr\u00e8s extraordinaire du SJF de juin 2021, organis\u00e9 \u00e0 l\u2019occasion de la phase 2 de JF2025. Les \u00e9changes ont \u00e9t\u00e9 cordiaux et fructueux sur les constats et les \u00e9volutions possibles. Nous suivrons bien \u00e9videmment avec attention ces travaux et les suites qui leur seront donn\u00e9es, la r\u00e9forme de la haute fonction publique rendant n\u00e9cessaire certaines adaptations de notre statut.<\/p>\n\n\n\n<p>Je vous souhaite \u00e0 toutes et tous une belle rentr\u00e9e<\/p>\n\n\n\n<p><strong>Pierre GENEVE<\/strong><strong><\/strong><\/p>\n\n\n\n<p>Pr\u00e9sident du Syndicat des juridictions financi\u00e8res<\/p>\n","protected":false},"excerpt":{"rendered":"<p>Destinataires&nbsp;: d\u00e9l\u00e9gu\u00e9s de section (\u00e0 destination de tous les adh\u00e9rents) ; membres du bureau national et \u00e9lus au conseil sup\u00e9rieur Ch\u00e8res et chers coll\u00e8gues, Le Conseil sup\u00e9rieur du 7 juillet dernier [voir compte-rendu du Conseil Sup\u00e9rieur et message envoy\u00e9 aux adh\u00e9rents le 7 juillet] a notamment valid\u00e9 un projet d\u2019arr\u00eat\u00e9<a href=\"https:\/\/sjfu.fr\/intranet\/actions-syndicales\/statut-et-remuneration\/concertation-sur-la-renovation-du-regime-indemnitaire\/regime-indemnitaire-mission-mobilite-9-septembre-2022\/\" class=\"read-more\">Read the Rest&#8230;<\/a><\/p>\n","protected":false},"author":1,"featured_media":0,"parent":38,"menu_order":7,"comment_status":"closed","ping_status":"closed","template":"","meta":{"footnotes":""},"class_list":["post-3408","page","type-page","status-publish","hentry"],"_links":{"self":[{"href":"https:\/\/sjfu.fr\/intranet\/wp-json\/wp\/v2\/pages\/3408","targetHints":{"allow":["GET"]}}],"collection":[{"href":"https:\/\/sjfu.fr\/intranet\/wp-json\/wp\/v2\/pages"}],"about":[{"href":"https:\/\/sjfu.fr\/intranet\/wp-json\/wp\/v2\/types\/page"}],"author":[{"embeddable":true,"href":"https:\/\/sjfu.fr\/intranet\/wp-json\/wp\/v2\/users\/1"}],"replies":[{"embeddable":true,"href":"https:\/\/sjfu.fr\/intranet\/wp-json\/wp\/v2\/comments?post=3408"}],"version-history":[{"count":2,"href":"https:\/\/sjfu.fr\/intranet\/wp-json\/wp\/v2\/pages\/3408\/revisions"}],"predecessor-version":[{"id":3427,"href":"https:\/\/sjfu.fr\/intranet\/wp-json\/wp\/v2\/pages\/3408\/revisions\/3427"}],"up":[{"embeddable":true,"href":"https:\/\/sjfu.fr\/intranet\/wp-json\/wp\/v2\/pages\/38"}],"wp:attachment":[{"href":"https:\/\/sjfu.fr\/intranet\/wp-json\/wp\/v2\/media?parent=3408"}],"curies":[{"name":"wp","href":"https:\/\/api.w.org\/{rel}","templated":true}]}}