{"id":3465,"date":"2022-10-27T10:29:00","date_gmt":"2022-10-27T09:29:00","guid":{"rendered":"http:\/\/sjfu.fr\/intranet\/?page_id=3465"},"modified":"2023-07-10T17:49:05","modified_gmt":"2023-07-10T16:49:05","slug":"egalite-femmes-hommes","status":"publish","type":"page","link":"https:\/\/sjfu.fr\/intranet\/actions-syndicales\/egalite-femmes-hommes\/","title":{"rendered":"Egalit\u00e9 femmes-hommes"},"content":{"rendered":"\n<p>Le syndicat accorde une grande importante \u00e0 la pr\u00e9vention et \u00e0 la lutte contre les discriminations, en particulier en mati\u00e8re d&rsquo;\u00e9galit\u00e9 femmes-hommes.<\/p>\n\n\n\n<p>Il participe aux diff\u00e9rents comit\u00e9s, commissions, groupes de travail et associations qui existent au sein des JF et soutient les coll\u00e8gues qui le demandent. Certains de ses adh\u00e9rents sont des r\u00e9f\u00e9rents d\u00e9di\u00e9s au sein des JF.<\/p>\n\n\n\n<p>Il soutient les actions de formation entreprises. Prenez connaissance du <a href=\"https:\/\/drive.google.com\/file\/d\/12Srwwm_r2c32BgTqcpp-kWf75hCXkd0J\/view?usp=sharing\">communiqu\u00e9<\/a> du 27 octobre 2022 transmis \u00e0 la Cour \u00e0 ce sujet.<\/p>\n\n\n\n<p>Un point d&rsquo;informations a \u00e9t\u00e9 fait sur le sujet lors du <a href=\"https:\/\/drive.google.com\/file\/d\/19BwyWIk_zYEhlG5Ux7cawKFW93fExt15\/view?usp=sharing\">Conseil sup\u00e9rieur du 6 juillet 2023<\/a> .<\/p>\n","protected":false},"excerpt":{"rendered":"<p>Le syndicat accorde une grande importante \u00e0 la pr\u00e9vention et \u00e0 la lutte contre les discriminations, en particulier en mati\u00e8re d&rsquo;\u00e9galit\u00e9 femmes-hommes. Il participe aux diff\u00e9rents comit\u00e9s, commissions, groupes de travail et associations qui existent au sein des JF et soutient les coll\u00e8gues qui le demandent. Certains de ses adh\u00e9rents<a href=\"https:\/\/sjfu.fr\/intranet\/actions-syndicales\/egalite-femmes-hommes\/\" class=\"read-more\">Read the Rest&#8230;<\/a><\/p>\n","protected":false},"author":1,"featured_media":0,"parent":36,"menu_order":11,"comment_status":"closed","ping_status":"closed","template":"","meta":{"footnotes":""},"class_list":["post-3465","page","type-page","status-publish","hentry"],"_links":{"self":[{"href":"https:\/\/sjfu.fr\/intranet\/wp-json\/wp\/v2\/pages\/3465","targetHints":{"allow":["GET"]}}],"collection":[{"href":"https:\/\/sjfu.fr\/intranet\/wp-json\/wp\/v2\/pages"}],"about":[{"href":"https:\/\/sjfu.fr\/intranet\/wp-json\/wp\/v2\/types\/page"}],"author":[{"embeddable":true,"href":"https:\/\/sjfu.fr\/intranet\/wp-json\/wp\/v2\/users\/1"}],"replies":[{"embeddable":true,"href":"https:\/\/sjfu.fr\/intranet\/wp-json\/wp\/v2\/comments?post=3465"}],"version-history":[{"count":4,"href":"https:\/\/sjfu.fr\/intranet\/wp-json\/wp\/v2\/pages\/3465\/revisions"}],"predecessor-version":[{"id":3610,"href":"https:\/\/sjfu.fr\/intranet\/wp-json\/wp\/v2\/pages\/3465\/revisions\/3610"}],"up":[{"embeddable":true,"href":"https:\/\/sjfu.fr\/intranet\/wp-json\/wp\/v2\/pages\/36"}],"wp:attachment":[{"href":"https:\/\/sjfu.fr\/intranet\/wp-json\/wp\/v2\/media?parent=3465"}],"curies":[{"name":"wp","href":"https:\/\/api.w.org\/{rel}","templated":true}]}}