{"id":548,"date":"2016-06-07T19:26:45","date_gmt":"2016-06-07T18:26:45","guid":{"rendered":"http:\/\/sjfu.fr\/intranet\/?page_id=548"},"modified":"2022-09-26T14:36:17","modified_gmt":"2022-09-26T13:36:17","slug":"agenda-social","status":"publish","type":"page","link":"https:\/\/sjfu.fr\/intranet\/actions-syndicales\/agenda-social\/","title":{"rendered":"\u00ab\u00a0Agenda social\u00a0\u00bb"},"content":{"rendered":"<p>Depuis 2016, le SJF et l&rsquo;administration de la Cour se rencontrent chaque ann\u00e9e selon un \u00ab\u00a0agenda social\u00a0\u00bb qu&rsquo;ils d\u00e9terminent ensemble.<\/p>\n<p>En 2016, les \u00e9changes ont port\u00e9 sur la r\u00e9novation du r\u00e9gime indemnitaire, l&rsquo;\u00e9volution du r\u00e9gime d&rsquo;incompatibilit\u00e9s, le r\u00e9f\u00e9rentiel d&rsquo;\u00e9valuation, le t\u00e9l\u00e9travail, le d\u00e9contingentement des \u00e9chelons sp\u00e9ciaux, la gestion pr\u00e9visionnelle des effectifs, des emplois et des comp\u00e9tences, et l&rsquo;action sociale. Les quatre premiers th\u00e8mes ont donn\u00e9 lieu \u00e0 des d\u00e9volutions l\u00e9gislatives, r\u00e9glementaires ou manag\u00e9riales : instauration d&rsquo;un nouveau r\u00e9gime indemnitaire au 1er janvier 2018, d&rsquo;un nouveau r\u00e9f\u00e9rentiel d&rsquo;\u00e9valuation en 2017, all\u00e8gement du r\u00e9gime d&rsquo;incompatibilit\u00e9s, mise en \u0153uvre du t\u00e9l\u00e9travail et acceptation du \u00ab\u00a0travail nomade\u00a0\u00bb.<\/p>\n<p>En 2018, le bureau a souhait\u00e9 axer l&rsquo;agenda social sur la fluidification des parcours de carri\u00e8re. Le bureau souhaite disposer d&rsquo;une approche pr\u00e9visionnelle des effectifs pour discuter avec l&rsquo;administration de la r\u00e9partition des modes de recrutement &#8211; ENA (INSP depuis 2022) \/ concours \/ d\u00e9tachement et int\u00e9gration \/ tour ext\u00e9rieur \/ militaires &#8211; et de leur crit\u00e8res, afin de r\u00e9duire les \u00ab\u00a0goulots d&rsquo;\u00e9tranglement\u00a0\u00bb g\u00e9n\u00e9rationnels pour les mutations, les promotions, etc. Ce th\u00e8me recouvre \u00e9galement l&rsquo;encouragement et l&rsquo;appui \u00e0 la mobilit\u00e9, le d\u00e9contingentement et le raccourcissement de l&rsquo;acc\u00e8s aux \u00e9chelons sp\u00e9ciaux, la meilleure identification des profils \u00e0 potentiel manag\u00e9rial pour exercer les fonctions de pr\u00e9sident de section et de pr\u00e9sident ou vice-pr\u00e9sident de CRTC, l&rsquo;accroissement du d\u00e9couplage du grade et de l&#8217;emploi de pr\u00e9sident de section.<\/p>\n<p>Vous pouvez avoir acc\u00e8s sur l&rsquo;intranet du SJF \u00e0 l&rsquo;ensemble des comptes rendus de r\u00e9unions de l&rsquo;agenda social depuis 2016 :<\/p>\n<ul>\n<li><a href=\"https:\/\/sjfu.fr\/intranet\/actions-syndicales\/agenda-social\/2016-2\/\">Agenda social 2016<\/a><\/li>\n<li><a href=\"https:\/\/sjfu.fr\/intranet\/actions-syndicales\/agenda-social\/agenda-2018\/\">Agenda social 2018<\/a><\/li>\n<li><a href=\"https:\/\/sjfu.fr\/intranet\/actions-syndicales\/agenda-social\/agenda-2019\/\">Agenda social 2019<\/a><\/li>\n<li><a href=\"https:\/\/sjfu.fr\/intranet\/actions-syndicales\/agenda-social\/agenda-2020\/\">Agenda social 2020<\/a><\/li>\n<li><a href=\"https:\/\/sjfu.fr\/intranet\/actions-syndicales\/agenda-social\/agenda-2021\/\">Agenda social 2021<\/a><\/li>\n<li><a href=\"https:\/\/sjfu.fr\/intranet\/actions-syndicales\/agenda-social\/agenda-social-2022\/\">Agenda social 2022<\/a><\/li>\n<\/ul>\n","protected":false},"excerpt":{"rendered":"<p>Depuis 2016, le SJF et l&rsquo;administration de la Cour se rencontrent chaque ann\u00e9e selon un \u00ab\u00a0agenda social\u00a0\u00bb qu&rsquo;ils d\u00e9terminent ensemble. En 2016, les \u00e9changes ont port\u00e9 sur la r\u00e9novation du r\u00e9gime indemnitaire, l&rsquo;\u00e9volution du r\u00e9gime d&rsquo;incompatibilit\u00e9s, le r\u00e9f\u00e9rentiel d&rsquo;\u00e9valuation, le t\u00e9l\u00e9travail, le d\u00e9contingentement des \u00e9chelons sp\u00e9ciaux, la gestion pr\u00e9visionnelle des<a href=\"https:\/\/sjfu.fr\/intranet\/actions-syndicales\/agenda-social\/\" class=\"read-more\">Read the Rest&#8230;<\/a><\/p>\n","protected":false},"author":2,"featured_media":0,"parent":36,"menu_order":1,"comment_status":"closed","ping_status":"closed","template":"","meta":{"footnotes":""},"class_list":["post-548","page","type-page","status-publish","hentry"],"_links":{"self":[{"href":"https:\/\/sjfu.fr\/intranet\/wp-json\/wp\/v2\/pages\/548","targetHints":{"allow":["GET"]}}],"collection":[{"href":"https:\/\/sjfu.fr\/intranet\/wp-json\/wp\/v2\/pages"}],"about":[{"href":"https:\/\/sjfu.fr\/intranet\/wp-json\/wp\/v2\/types\/page"}],"author":[{"embeddable":true,"href":"https:\/\/sjfu.fr\/intranet\/wp-json\/wp\/v2\/users\/2"}],"replies":[{"embeddable":true,"href":"https:\/\/sjfu.fr\/intranet\/wp-json\/wp\/v2\/comments?post=548"}],"version-history":[{"count":42,"href":"https:\/\/sjfu.fr\/intranet\/wp-json\/wp\/v2\/pages\/548\/revisions"}],"predecessor-version":[{"id":3431,"href":"https:\/\/sjfu.fr\/intranet\/wp-json\/wp\/v2\/pages\/548\/revisions\/3431"}],"up":[{"embeddable":true,"href":"https:\/\/sjfu.fr\/intranet\/wp-json\/wp\/v2\/pages\/36"}],"wp:attachment":[{"href":"https:\/\/sjfu.fr\/intranet\/wp-json\/wp\/v2\/media?parent=548"}],"curies":[{"name":"wp","href":"https:\/\/api.w.org\/{rel}","templated":true}]}}