{"id":730,"date":"2016-08-17T10:09:58","date_gmt":"2016-08-17T09:09:58","guid":{"rendered":"http:\/\/sjfu.fr\/intranet\/?page_id=730"},"modified":"2016-08-17T10:14:33","modified_gmt":"2016-08-17T09:14:33","slug":"famille","status":"publish","type":"page","link":"https:\/\/sjfu.fr\/intranet\/services\/action-sociale\/famille\/","title":{"rendered":"Famille"},"content":{"rendered":"<p>L\u2019action sociale au sein des juridictions financi\u00e8res\u00a0a pour objet l\u2019am\u00e9lioration des conditions de vie des agents et de leurs familles. Elle est constitu\u00e9e par les prestations sp\u00e9cifiques que\u00a0 l\u2019administration accorde \u00e0 ses agents, actifs et retrait\u00e9s notamment dans les domaines de la restauration, du logement, de l\u2019enfance et des loisirs. Elle est compos\u00e9e de deux volets compl\u00e9mentaires : l\u2019action sociale interminist\u00e9rielle et l\u2019action sociale sp\u00e9cifique aux juridictions financi\u00e8res.<\/p>\n<p>L\u2019action sociale sp\u00e9cifique aux juridictions financi\u00e8res est con\u00e7ue et g\u00e9r\u00e9e par la direction des ressources humaines de la Cour des comptes. L&rsquo;action sociale interminist\u00e9rielle est quant \u00e0 elle con\u00e7ue et g\u00e9r\u00e9e par une direction interminist\u00e9rielle, en l\u2019occurrence la direction g\u00e9n\u00e9rale de l\u2019administration et de la fonction publique (DGAFP).<\/p>\n<ul class=\"links\">\n<li class=\"first\"><a href=\"http:\/\/www.fonction-publique.gouv.fr\/cesu-garde-denfant\">Le CESU &#8211; garde d&rsquo;enfant<\/a><\/li>\n<li class=\"first\"><a href=\"http:\/\/www.fonction-publique.gouv.fr\/reservations-de-places-creche\">R\u00e9servations de places en cr\u00e8che<\/a><\/li>\n<li class=\"first\"><a href=\"http:\/\/www.fonction-publique.gouv.fr\/amd\">Aide au maintien \u00e0 domicile<\/a><\/li>\n<li><a href=\"http:\/\/www.fonction-publique.gouv.fr\/intervention-des-travailleuses-familiales\">Intervention des travailleuses familiales<\/a><\/li>\n<li><a href=\"http:\/\/www.fonction-publique.gouv.fr\/aide-aux-parents-denfants-handicapes\">Aide aux parents d&rsquo;enfants handicap\u00e9s<\/a><\/li>\n<li><a href=\"http:\/\/www.fonction-publique.gouv.fr\/aide-aux-parents-repos\">Aide aux parents en repos<\/a><\/li>\n<\/ul>\n","protected":false},"excerpt":{"rendered":"<p>L\u2019action sociale au sein des juridictions financi\u00e8res\u00a0a pour objet l\u2019am\u00e9lioration des conditions de vie des agents et de leurs familles. Elle est constitu\u00e9e par les prestations sp\u00e9cifiques que\u00a0 l\u2019administration accorde \u00e0 ses agents, actifs et retrait\u00e9s notamment dans les domaines de la restauration, du logement, de l\u2019enfance et des loisirs.<a href=\"https:\/\/sjfu.fr\/intranet\/services\/action-sociale\/famille\/\" class=\"read-more\">Read the Rest&#8230;<\/a><\/p>\n","protected":false},"author":1,"featured_media":0,"parent":725,"menu_order":1,"comment_status":"closed","ping_status":"closed","template":"","meta":{"footnotes":""},"class_list":["post-730","page","type-page","status-publish","hentry"],"_links":{"self":[{"href":"https:\/\/sjfu.fr\/intranet\/wp-json\/wp\/v2\/pages\/730","targetHints":{"allow":["GET"]}}],"collection":[{"href":"https:\/\/sjfu.fr\/intranet\/wp-json\/wp\/v2\/pages"}],"about":[{"href":"https:\/\/sjfu.fr\/intranet\/wp-json\/wp\/v2\/types\/page"}],"author":[{"embeddable":true,"href":"https:\/\/sjfu.fr\/intranet\/wp-json\/wp\/v2\/users\/1"}],"replies":[{"embeddable":true,"href":"https:\/\/sjfu.fr\/intranet\/wp-json\/wp\/v2\/comments?post=730"}],"version-history":[{"count":3,"href":"https:\/\/sjfu.fr\/intranet\/wp-json\/wp\/v2\/pages\/730\/revisions"}],"predecessor-version":[{"id":733,"href":"https:\/\/sjfu.fr\/intranet\/wp-json\/wp\/v2\/pages\/730\/revisions\/733"}],"up":[{"embeddable":true,"href":"https:\/\/sjfu.fr\/intranet\/wp-json\/wp\/v2\/pages\/725"}],"wp:attachment":[{"href":"https:\/\/sjfu.fr\/intranet\/wp-json\/wp\/v2\/media?parent=730"}],"curies":[{"name":"wp","href":"https:\/\/api.w.org\/{rel}","templated":true}]}}