{"id":746,"date":"2016-08-17T10:48:42","date_gmt":"2016-08-17T09:48:42","guid":{"rendered":"http:\/\/sjfu.fr\/intranet\/?page_id=746"},"modified":"2016-08-17T10:52:36","modified_gmt":"2016-08-17T09:52:36","slug":"vacances-et-loisirs","status":"publish","type":"page","link":"https:\/\/sjfu.fr\/intranet\/services\/action-sociale\/vacances-et-loisirs\/","title":{"rendered":"Vacances et loisirs"},"content":{"rendered":"<ul>\n<li><a href=\"http:\/\/www.fonction-publique.gouv.fr\/cheques-vacances\">Ch\u00e8ques vacances<\/a><\/li>\n<li><a href=\"http:\/\/www.fonction-publique.gouv.fr\/sejours-dans-centres-familiaux-de-vacances-et-gites-de-france\">S\u00e9jours dans les centres familiaux de vacances et en g\u00eetes de France<\/a><\/li>\n<li><a href=\"http:\/\/www.fonction-publique.gouv.fr\/centres-de-vacances-avec-hebergement\">Centres de vacances avec h\u00e9bergement<\/a><\/li>\n<li><a href=\"http:\/\/www.fonction-publique.gouv.fr\/centre-de-loisirs-sans-hebergement\">Centre de loisirs sans h\u00e9bergement<\/a><\/li>\n<li><a href=\"http:\/\/www.fonction-publique.gouv.fr\/sejours-mis-oeuvre-dans-cadre-scolaire\">S\u00e9jours mis en oeuvre dans le cadre scolaire<\/a><\/li>\n<li><a href=\"http:\/\/www.fonction-publique.gouv.fr\/fonction-publique\/action-sociale-17\">S\u00e9jours linguistiques<\/a><\/li>\n<li><a href=\"http:\/\/www.fonction-publique.gouv.fr\/centre-de-vacances-specialises-pour-handicapes\">Centre de vacances sp\u00e9cialis\u00e9s pour handicap\u00e9s<\/a><\/li>\n<\/ul>\n","protected":false},"excerpt":{"rendered":"<p>Ch\u00e8ques vacances S\u00e9jours dans les centres familiaux de vacances et en g\u00eetes de France Centres de vacances avec h\u00e9bergement Centre de loisirs sans h\u00e9bergement S\u00e9jours mis en oeuvre dans le cadre scolaire S\u00e9jours linguistiques Centre de vacances sp\u00e9cialis\u00e9s pour handicap\u00e9s<\/p>\n","protected":false},"author":1,"featured_media":0,"parent":725,"menu_order":5,"comment_status":"closed","ping_status":"closed","template":"","meta":{"footnotes":""},"class_list":["post-746","page","type-page","status-publish","hentry"],"_links":{"self":[{"href":"https:\/\/sjfu.fr\/intranet\/wp-json\/wp\/v2\/pages\/746","targetHints":{"allow":["GET"]}}],"collection":[{"href":"https:\/\/sjfu.fr\/intranet\/wp-json\/wp\/v2\/pages"}],"about":[{"href":"https:\/\/sjfu.fr\/intranet\/wp-json\/wp\/v2\/types\/page"}],"author":[{"embeddable":true,"href":"https:\/\/sjfu.fr\/intranet\/wp-json\/wp\/v2\/users\/1"}],"replies":[{"embeddable":true,"href":"https:\/\/sjfu.fr\/intranet\/wp-json\/wp\/v2\/comments?post=746"}],"version-history":[{"count":2,"href":"https:\/\/sjfu.fr\/intranet\/wp-json\/wp\/v2\/pages\/746\/revisions"}],"predecessor-version":[{"id":748,"href":"https:\/\/sjfu.fr\/intranet\/wp-json\/wp\/v2\/pages\/746\/revisions\/748"}],"up":[{"embeddable":true,"href":"https:\/\/sjfu.fr\/intranet\/wp-json\/wp\/v2\/pages\/725"}],"wp:attachment":[{"href":"https:\/\/sjfu.fr\/intranet\/wp-json\/wp\/v2\/media?parent=746"}],"curies":[{"name":"wp","href":"https:\/\/api.w.org\/{rel}","templated":true}]}}