{"id":967,"date":"2016-08-24T17:41:11","date_gmt":"2016-08-24T16:41:11","guid":{"rendered":"http:\/\/sjfu.fr\/intranet\/?page_id=967"},"modified":"2016-08-24T17:42:43","modified_gmt":"2016-08-24T16:42:43","slug":"retraites","status":"publish","type":"page","link":"https:\/\/sjfu.fr\/intranet\/services\/action-sociale\/retraites\/","title":{"rendered":"Retrait\u00e9s"},"content":{"rendered":"<h3>Les retrait\u00e9s de l\u2019\u00c9tat peuvent b\u00e9n\u00e9ficier de l\u2019action sociale interminist\u00e9rielle<\/h3>\n<p><strong>1. La r\u00e9novation de l\u2019aide au maintien \u00e0 domicile<\/strong><\/p>\n<p>Les retrait\u00e9s peuvent b\u00e9n\u00e9ficier d\u2019une prestation interminist\u00e9rielle qui leur est propre : <a href=\"http:\/\/www.fonction-publique.gouv.fr\/amd\">l\u2019aide au maintien \u00e0 domicile<\/a>, qui a pour but de favoriser le maintien \u00e0 domicile des fonctionnaires et ouvriers retrait\u00e9s de l\u2019\u00c9tat et de pr\u00e9venir leur perte d\u2019autonomie.<\/p>\n<p>Depuis la parution du d\u00e9cret n\u00b02012-920 du 27 juillet 2012, la possibilit\u00e9 est ouverte \u00e0 tous les retrait\u00e9s de l\u2019\u00c9tat de b\u00e9n\u00e9ficier, sous conditions de ressources, de cette prestation.<\/p>\n<p><strong>2. L\u2019aide aux vacances<\/strong><\/p>\n<p>Les retrait\u00e9s de l\u2019\u00c9tat ont la possibilit\u00e9 de b\u00e9n\u00e9ficier de prestations accessibles aux agents en activit\u00e9 : le<a href=\"https:\/\/www.fonctionpublique-chequesvacances.fr\/cv\/web\/home\">Ch\u00e8que-vacances,<\/a> en effet, peut \u00eatre vers\u00e9 aux personnels civils et militaires de l\u2019\u00c9tat, aux retrait\u00e9s de l\u2019\u00c9tat et \u00e0 leurs ayants cause.<\/p>\n<p>Propos\u00e9 par le minist\u00e8re charg\u00e9 de la fonction publique au titre de son action sociale interminist\u00e9rielle, le Ch\u00e8que-vacances est une prestation d\u2019aide aux loisirs et aux vacances. Ce titre permet de financer le d\u00e9part en vacances et un large \u00e9ventail d\u2019activit\u00e9s culturelles et de loisirs.<\/p>\n","protected":false},"excerpt":{"rendered":"<p>Les retrait\u00e9s de l\u2019\u00c9tat peuvent b\u00e9n\u00e9ficier de l\u2019action sociale interminist\u00e9rielle 1. La r\u00e9novation de l\u2019aide au maintien \u00e0 domicile Les retrait\u00e9s peuvent b\u00e9n\u00e9ficier d\u2019une prestation interminist\u00e9rielle qui leur est propre : l\u2019aide au maintien \u00e0 domicile, qui a pour but de favoriser le maintien \u00e0 domicile des fonctionnaires et ouvriers<a href=\"https:\/\/sjfu.fr\/intranet\/services\/action-sociale\/retraites\/\" class=\"read-more\">Read the Rest&#8230;<\/a><\/p>\n","protected":false},"author":1,"featured_media":0,"parent":725,"menu_order":2,"comment_status":"closed","ping_status":"closed","template":"","meta":{"footnotes":""},"class_list":["post-967","page","type-page","status-publish","hentry"],"_links":{"self":[{"href":"https:\/\/sjfu.fr\/intranet\/wp-json\/wp\/v2\/pages\/967","targetHints":{"allow":["GET"]}}],"collection":[{"href":"https:\/\/sjfu.fr\/intranet\/wp-json\/wp\/v2\/pages"}],"about":[{"href":"https:\/\/sjfu.fr\/intranet\/wp-json\/wp\/v2\/types\/page"}],"author":[{"embeddable":true,"href":"https:\/\/sjfu.fr\/intranet\/wp-json\/wp\/v2\/users\/1"}],"replies":[{"embeddable":true,"href":"https:\/\/sjfu.fr\/intranet\/wp-json\/wp\/v2\/comments?post=967"}],"version-history":[{"count":2,"href":"https:\/\/sjfu.fr\/intranet\/wp-json\/wp\/v2\/pages\/967\/revisions"}],"predecessor-version":[{"id":971,"href":"https:\/\/sjfu.fr\/intranet\/wp-json\/wp\/v2\/pages\/967\/revisions\/971"}],"up":[{"embeddable":true,"href":"https:\/\/sjfu.fr\/intranet\/wp-json\/wp\/v2\/pages\/725"}],"wp:attachment":[{"href":"https:\/\/sjfu.fr\/intranet\/wp-json\/wp\/v2\/media?parent=967"}],"curies":[{"name":"wp","href":"https:\/\/api.w.org\/{rel}","templated":true}]}}